{"id":586,"date":"2020-03-11T19:12:40","date_gmt":"2020-03-11T23:12:40","guid":{"rendered":"https:\/\/conceptasr.com\/?post_type=product&#038;p=586"},"modified":"2022-08-03T18:56:26","modified_gmt":"2022-08-03T22:56:26","slug":"chandail-dete-pour-travailleurs","status":"publish","type":"product","link":"https:\/\/signalisationsaphir.com\/?product=chandail-dete-pour-travailleurs","title":{"rendered":"Chandail d&#8217;\u00e9t\u00e9 pour travailleurs"},"content":{"rendered":"<p>Chandail d&#8217;\u00e9t\u00e9 pour travailleurs \u00e0 manches courtes avec bandes r\u00e9fl\u00e9chissantes. Tissu qui respire. Tissu qui suit le corps. Tr\u00e8s confortable et l\u00e9ger.<\/p>\n<ul>\n<li>grandeur : s,m,l,xl,2xl,3xl,4xl,5xl<\/li>\n<li>Couleurs: jaune, Orange<\/li>\n<\/ul>\n<h4>Visitez les autres <a href=\"https:\/\/signalisationsaphir.com\/boutique-de-produits-de-securite-et-signalisation\/\" target=\"_blank\" rel=\"noopener\">cat\u00e9gories de produits disponible en boutique<\/a>.<\/h4>\n<p>V\u00eatements de s\u00e9curit\u00e9 : L\u2019am\u00e9nagement d\u2019un environnement s\u00e9curitaire est important pour tous. Signalisation Saphir offre toute une panoplie de v\u00eatements de s\u00e9curit\u00e9 professionnels. Nos articles et accessoires de s\u00e9curit\u00e9 r\u00e9pondent aux normes en vigueur de la s\u00e9curit\u00e9. D\u00e9couvrez nos v\u00eatements de s\u00e9curit\u00e9 pour travailleurs: casque de s\u00e9curit\u00e9. Chandail d&#8217;\u00e9t\u00e9 pour travailleurs. Parka. Habit de pluie. Manteau long, couvre-tout. Veste et brassard incorporant des bandes r\u00e9fl\u00e9chissantes. Botte. Soulier. Chandail d\u2019\u00e9t\u00e9 et bien plus.<\/p>\n<p>Les produits en s\u00e9curit\u00e9 sont \u00e9galement offerts pour le minist\u00e8re du transport. Ainsi que les municipalit\u00e9s. Entrepreneurs g\u00e9n\u00e9raux. Chantiers de construction etc.<\/p>\n<p>Voir aussi tous nos produits pour voirie. Bollard TRV-10 de 48 avec goupille flexible. C\u00f4ne orange 28\u2033. Sans oublier nos accessoires en s\u00e9curit\u00e9. Fus\u00e9e routi\u00e8re. Pes\u00e9e et dos d\u2019\u00e2ne. Et notre cl\u00f4ture de balisage.<\/p>\n","protected":false},"excerpt":{"rendered":"<p>Chandail d&#8217;\u00e9t\u00e9 pour travailleurs \u00e0 manches courtes avec bandes r\u00e9fl\u00e9chissantes. Tissu qui respire. Tissu qui suit le corps. Tr\u00e8s confortable et l\u00e9ger. Veuillez noter que les taxes ne sont pas incluses dans le prix.<\/p>\n<ul>\n<li>grandeur : s,m,l,xl,2xl,3xl,4xl,5xl<\/li>\n<li>Couleurs: jaune, Orange<\/li>\n<\/ul>\n","protected":false},"featured_media":583,"template":"","meta":{"_acf_changed":false},"pwb-brand":[],"product_brand":[],"product_cat":[221,215,220],"product_tag":[225,310,311,312,232,313,234],"class_list":{"0":"post-586","1":"product","2":"type-product","3":"status-publish","4":"has-post-thumbnail","6":"product_cat-nouveautes","7":"product_cat-produits-de-securite","8":"product_cat-vetements-de-securite","9":"product_tag-bandes-reflechissantes","10":"product_tag-chandail-manches-courtes","11":"product_tag-confortable","12":"product_tag-leger","13":"product_tag-securite","14":"product_tag-tissu-respire","15":"product_tag-vetement","16":"product_shipping_class-standard","18":"first","19":"instock","20":"taxable","21":"shipping-taxable","22":"purchasable","23":"product-type-simple"},"exclude_global_add_ons":false,"addons":[{"name":"Choix de couleurs","type":"multiple_choice","position":0,"required":true,"title_format":"label","default":"","description_enable":true,"description":"Choisissez votre couleur de produit","placeholder_enable":false,"placeholder":"","display":"select","restrictions_type":"any_text","adjust_price":false,"price":"","price_type":"flat_fee","restrictions":false,"min":"0","max":"0","options":[{"label":"Orange","price":"","price_type":"flat_fee","image":0},{"label":"Jaune","price":"","price_type":"flat_fee","image":0}]},{"name":"Choisissez votre grandeur","type":"multiple_choice","position":1,"required":true,"title_format":"label","default":"","description_enable":false,"description":"","placeholder_enable":false,"placeholder":"","display":"select","restrictions_type":"any_text","adjust_price":false,"price":"","price_type":"flat_fee","restrictions":false,"min":"0","max":"0","options":[{"label":"S - Small","price":"","price_type":"flat_fee","image":0},{"label":"M - Medium","price":"","price_type":"flat_fee","image":0},{"label":"L - Large","price":"","price_type":"flat_fee","image":0},{"label":"XL - Extra large","price":"","price_type":"flat_fee","image":0},{"label":"XXL - 2 X large","price":"","price_type":"flat_fee","image":0},{"label":"XXXL - 3 X large","price":"","price_type":"flat_fee","image":0},{"label":"XXXXL - 4 X large","price":"","price_type":"flat_fee","image":0},{"label":"XXXXXL - 5 X large","price":"","price_type":"flat_fee","image":0}]}],"acf":[],"yoast_head":"<!-- This site is optimized with the Yoast SEO Premium plugin v24.4 (Yoast SEO v24.4) - https:\/\/yoast.com\/wordpress\/plugins\/seo\/ -->\n<title>Chandail d&#039;\u00e9t\u00e9 pour travailleurs - Signalisation Saphir - S\u00e9curit\u00e9<\/title>\n<meta name=\"description\" content=\"Signalisation Saphir - Produits de s\u00e9curit\u00e9: Chandail d&#039;\u00e9t\u00e9 pour travailleurs. Produits de signalisation. Produits sp\u00e9cialis\u00e9s. Et plus.\" \/>\n<meta name=\"robots\" content=\"index, follow, max-snippet:-1, max-image-preview:large, max-video-preview:-1\" \/>\n<link rel=\"canonical\" href=\"https:\/\/signalisationsaphir.com\/?product=chandail-dete-pour-travailleurs\" \/>\n<meta property=\"og:locale\" content=\"fr_FR\" \/>\n<meta property=\"og:type\" content=\"article\" \/>\n<meta property=\"og:title\" content=\"Chandail d&#039;\u00e9t\u00e9 pour travailleurs\" \/>\n<meta property=\"og:description\" content=\"Signalisation Saphir - Produits de s\u00e9curit\u00e9: Chandail d&#039;\u00e9t\u00e9 pour travailleurs. Produits de signalisation. Produits sp\u00e9cialis\u00e9s. Et plus.\" \/>\n<meta property=\"og:url\" content=\"https:\/\/signalisationsaphir.com\/?product=chandail-dete-pour-travailleurs\" \/>\n<meta property=\"og:site_name\" content=\"Signalisation Saphir\" \/>\n<meta property=\"article:publisher\" content=\"https:\/\/www.facebook.com\/SignalisationSaphir\" \/>\n<meta property=\"article:modified_time\" content=\"2022-08-03T22:56:26+00:00\" \/>\n<meta property=\"og:image\" content=\"https:\/\/signalisationsaphir.com\/wp-content\/uploads\/2020\/03\/gilet-orangebande.png\" \/>\n\t<meta property=\"og:image:width\" content=\"342\" \/>\n\t<meta property=\"og:image:height\" content=\"420\" \/>\n\t<meta property=\"og:image:type\" content=\"image\/png\" \/>\n<meta name=\"twitter:card\" content=\"summary_large_image\" \/>\n<meta name=\"twitter:label1\" content=\"Dur\u00e9e de lecture estim\u00e9e\" \/>\n\t<meta name=\"twitter:data1\" content=\"1 minute\" \/>\n<script type=\"application\/ld+json\" class=\"yoast-schema-graph\">{\"@context\":\"https:\/\/schema.org\",\"@graph\":[{\"@type\":\"WebPage\",\"@id\":\"https:\/\/signalisationsaphir.com\/?product=chandail-dete-pour-travailleurs\",\"url\":\"https:\/\/signalisationsaphir.com\/?product=chandail-dete-pour-travailleurs\",\"name\":\"Chandail d'\u00e9t\u00e9 pour travailleurs - Signalisation Saphir - S\u00e9curit\u00e9\",\"isPartOf\":{\"@id\":\"https:\/\/signalisationsaphir.com\/#website\"},\"primaryImageOfPage\":{\"@id\":\"https:\/\/signalisationsaphir.com\/?product=chandail-dete-pour-travailleurs#primaryimage\"},\"image\":{\"@id\":\"https:\/\/signalisationsaphir.com\/?product=chandail-dete-pour-travailleurs#primaryimage\"},\"thumbnailUrl\":\"https:\/\/signalisationsaphir.com\/wp-content\/uploads\/2020\/03\/gilet-orangebande.png\",\"datePublished\":\"2020-03-11T23:12:40+00:00\",\"dateModified\":\"2022-08-03T22:56:26+00:00\",\"description\":\"Signalisation Saphir - Produits de s\u00e9curit\u00e9: Chandail d'\u00e9t\u00e9 pour travailleurs. Produits de signalisation. Produits sp\u00e9cialis\u00e9s. Et plus.\",\"breadcrumb\":{\"@id\":\"https:\/\/signalisationsaphir.com\/?product=chandail-dete-pour-travailleurs#breadcrumb\"},\"inLanguage\":\"fr-FR\",\"potentialAction\":[{\"@type\":\"ReadAction\",\"target\":[\"https:\/\/signalisationsaphir.com\/?product=chandail-dete-pour-travailleurs\"]}]},{\"@type\":\"ImageObject\",\"inLanguage\":\"fr-FR\",\"@id\":\"https:\/\/signalisationsaphir.com\/?product=chandail-dete-pour-travailleurs#primaryimage\",\"url\":\"https:\/\/signalisationsaphir.com\/wp-content\/uploads\/2020\/03\/gilet-orangebande.png\",\"contentUrl\":\"https:\/\/signalisationsaphir.com\/wp-content\/uploads\/2020\/03\/gilet-orangebande.png\",\"width\":342,\"height\":420},{\"@type\":\"BreadcrumbList\",\"@id\":\"https:\/\/signalisationsaphir.com\/?product=chandail-dete-pour-travailleurs#breadcrumb\",\"itemListElement\":[{\"@type\":\"ListItem\",\"position\":1,\"name\":\"Accueil\",\"item\":\"https:\/\/signalisationsaphir.com\/?page_id=9\"},{\"@type\":\"ListItem\",\"position\":2,\"name\":\"Boutique\",\"item\":\"https:\/\/signalisationsaphir.com\/?page_id=9\"},{\"@type\":\"ListItem\",\"position\":3,\"name\":\"Chandail d&#8217;\u00e9t\u00e9 pour travailleurs\"}]},{\"@type\":\"WebSite\",\"@id\":\"https:\/\/signalisationsaphir.com\/#website\",\"url\":\"https:\/\/signalisationsaphir.com\/\",\"name\":\"Signalisation Saphir\",\"description\":\"Boutique en ligne\",\"publisher\":{\"@id\":\"https:\/\/signalisationsaphir.com\/#organization\"},\"potentialAction\":[{\"@type\":\"SearchAction\",\"target\":{\"@type\":\"EntryPoint\",\"urlTemplate\":\"https:\/\/signalisationsaphir.com\/?s={search_term_string}\"},\"query-input\":{\"@type\":\"PropertyValueSpecification\",\"valueRequired\":true,\"valueName\":\"search_term_string\"}}],\"inLanguage\":\"fr-FR\"},{\"@type\":\"Organization\",\"@id\":\"https:\/\/signalisationsaphir.com\/#organization\",\"name\":\"Signalisation Saphir\",\"url\":\"https:\/\/signalisationsaphir.com\/\",\"logo\":{\"@type\":\"ImageObject\",\"inLanguage\":\"fr-FR\",\"@id\":\"https:\/\/signalisationsaphir.com\/#\/schema\/logo\/image\/\",\"url\":\"https:\/\/signalisationsaphir.com\/wp-content\/uploads\/2017\/01\/cropped-logo-web-plus-large-bleu-blanc.jpg\",\"contentUrl\":\"https:\/\/signalisationsaphir.com\/wp-content\/uploads\/2017\/01\/cropped-logo-web-plus-large-bleu-blanc.jpg\",\"width\":215,\"height\":95,\"caption\":\"Signalisation Saphir\"},\"image\":{\"@id\":\"https:\/\/signalisationsaphir.com\/#\/schema\/logo\/image\/\"},\"sameAs\":[\"https:\/\/www.facebook.com\/SignalisationSaphir\"]}]}<\/script>\n<!-- \/ Yoast SEO Premium plugin. -->","yoast_head_json":{"title":"Chandail d'\u00e9t\u00e9 pour travailleurs - Signalisation Saphir - S\u00e9curit\u00e9","description":"Signalisation Saphir - Produits de s\u00e9curit\u00e9: Chandail d'\u00e9t\u00e9 pour travailleurs. Produits de signalisation. Produits sp\u00e9cialis\u00e9s. Et plus.","robots":{"index":"index","follow":"follow","max-snippet":"max-snippet:-1","max-image-preview":"max-image-preview:large","max-video-preview":"max-video-preview:-1"},"canonical":"https:\/\/signalisationsaphir.com\/?product=chandail-dete-pour-travailleurs","og_locale":"fr_FR","og_type":"article","og_title":"Chandail d'\u00e9t\u00e9 pour travailleurs","og_description":"Signalisation Saphir - Produits de s\u00e9curit\u00e9: Chandail d'\u00e9t\u00e9 pour travailleurs. Produits de signalisation. Produits sp\u00e9cialis\u00e9s. Et plus.","og_url":"https:\/\/signalisationsaphir.com\/?product=chandail-dete-pour-travailleurs","og_site_name":"Signalisation Saphir","article_publisher":"https:\/\/www.facebook.com\/SignalisationSaphir","article_modified_time":"2022-08-03T22:56:26+00:00","og_image":[{"width":342,"height":420,"url":"https:\/\/signalisationsaphir.com\/wp-content\/uploads\/2020\/03\/gilet-orangebande.png","type":"image\/png"}],"twitter_card":"summary_large_image","twitter_misc":{"Dur\u00e9e de lecture estim\u00e9e":"1 minute"},"schema":{"@context":"https:\/\/schema.org","@graph":[{"@type":"WebPage","@id":"https:\/\/signalisationsaphir.com\/?product=chandail-dete-pour-travailleurs","url":"https:\/\/signalisationsaphir.com\/?product=chandail-dete-pour-travailleurs","name":"Chandail d'\u00e9t\u00e9 pour travailleurs - Signalisation Saphir - S\u00e9curit\u00e9","isPartOf":{"@id":"https:\/\/signalisationsaphir.com\/#website"},"primaryImageOfPage":{"@id":"https:\/\/signalisationsaphir.com\/?product=chandail-dete-pour-travailleurs#primaryimage"},"image":{"@id":"https:\/\/signalisationsaphir.com\/?product=chandail-dete-pour-travailleurs#primaryimage"},"thumbnailUrl":"https:\/\/signalisationsaphir.com\/wp-content\/uploads\/2020\/03\/gilet-orangebande.png","datePublished":"2020-03-11T23:12:40+00:00","dateModified":"2022-08-03T22:56:26+00:00","description":"Signalisation Saphir - Produits de s\u00e9curit\u00e9: Chandail d'\u00e9t\u00e9 pour travailleurs. Produits de signalisation. Produits sp\u00e9cialis\u00e9s. Et plus.","breadcrumb":{"@id":"https:\/\/signalisationsaphir.com\/?product=chandail-dete-pour-travailleurs#breadcrumb"},"inLanguage":"fr-FR","potentialAction":[{"@type":"ReadAction","target":["https:\/\/signalisationsaphir.com\/?product=chandail-dete-pour-travailleurs"]}]},{"@type":"ImageObject","inLanguage":"fr-FR","@id":"https:\/\/signalisationsaphir.com\/?product=chandail-dete-pour-travailleurs#primaryimage","url":"https:\/\/signalisationsaphir.com\/wp-content\/uploads\/2020\/03\/gilet-orangebande.png","contentUrl":"https:\/\/signalisationsaphir.com\/wp-content\/uploads\/2020\/03\/gilet-orangebande.png","width":342,"height":420},{"@type":"BreadcrumbList","@id":"https:\/\/signalisationsaphir.com\/?product=chandail-dete-pour-travailleurs#breadcrumb","itemListElement":[{"@type":"ListItem","position":1,"name":"Accueil","item":"https:\/\/signalisationsaphir.com\/?page_id=9"},{"@type":"ListItem","position":2,"name":"Boutique","item":"https:\/\/signalisationsaphir.com\/?page_id=9"},{"@type":"ListItem","position":3,"name":"Chandail d&#8217;\u00e9t\u00e9 pour travailleurs"}]},{"@type":"WebSite","@id":"https:\/\/signalisationsaphir.com\/#website","url":"https:\/\/signalisationsaphir.com\/","name":"Signalisation Saphir","description":"Boutique en ligne","publisher":{"@id":"https:\/\/signalisationsaphir.com\/#organization"},"potentialAction":[{"@type":"SearchAction","target":{"@type":"EntryPoint","urlTemplate":"https:\/\/signalisationsaphir.com\/?s={search_term_string}"},"query-input":{"@type":"PropertyValueSpecification","valueRequired":true,"valueName":"search_term_string"}}],"inLanguage":"fr-FR"},{"@type":"Organization","@id":"https:\/\/signalisationsaphir.com\/#organization","name":"Signalisation Saphir","url":"https:\/\/signalisationsaphir.com\/","logo":{"@type":"ImageObject","inLanguage":"fr-FR","@id":"https:\/\/signalisationsaphir.com\/#\/schema\/logo\/image\/","url":"https:\/\/signalisationsaphir.com\/wp-content\/uploads\/2017\/01\/cropped-logo-web-plus-large-bleu-blanc.jpg","contentUrl":"https:\/\/signalisationsaphir.com\/wp-content\/uploads\/2017\/01\/cropped-logo-web-plus-large-bleu-blanc.jpg","width":215,"height":95,"caption":"Signalisation Saphir"},"image":{"@id":"https:\/\/signalisationsaphir.com\/#\/schema\/logo\/image\/"},"sameAs":["https:\/\/www.facebook.com\/SignalisationSaphir"]}]}},"brands":[],"_links":{"self":[{"href":"https:\/\/signalisationsaphir.com\/index.php?rest_route=\/wp\/v2\/product\/586","targetHints":{"allow":["GET"]}}],"collection":[{"href":"https:\/\/signalisationsaphir.com\/index.php?rest_route=\/wp\/v2\/product"}],"about":[{"href":"https:\/\/signalisationsaphir.com\/index.php?rest_route=\/wp\/v2\/types\/product"}],"version-history":[{"count":0,"href":"https:\/\/signalisationsaphir.com\/index.php?rest_route=\/wp\/v2\/product\/586\/revisions"}],"wp:featuredmedia":[{"embeddable":true,"href":"https:\/\/signalisationsaphir.com\/index.php?rest_route=\/wp\/v2\/media\/583"}],"wp:attachment":[{"href":"https:\/\/signalisationsaphir.com\/index.php?rest_route=%2Fwp%2Fv2%2Fmedia&parent=586"}],"wp:term":[{"taxonomy":"pwb-brand","embeddable":true,"href":"https:\/\/signalisationsaphir.com\/index.php?rest_route=%2Fwp%2Fv2%2Fpwb-brand&post=586"},{"taxonomy":"product_brand","embeddable":true,"href":"https:\/\/signalisationsaphir.com\/index.php?rest_route=%2Fwp%2Fv2%2Fproduct_brand&post=586"},{"taxonomy":"product_cat","embeddable":true,"href":"https:\/\/signalisationsaphir.com\/index.php?rest_route=%2Fwp%2Fv2%2Fproduct_cat&post=586"},{"taxonomy":"product_tag","embeddable":true,"href":"https:\/\/signalisationsaphir.com\/index.php?rest_route=%2Fwp%2Fv2%2Fproduct_tag&post=586"}],"curies":[{"name":"wp","href":"https:\/\/api.w.org\/{rel}","templated":true}]}}