{"id":16932,"date":"2022-09-07T15:25:41","date_gmt":"2022-09-07T19:25:41","guid":{"rendered":"https:\/\/signalisationsaphir.com\/?post_type=product&#038;p=16932"},"modified":"2022-09-07T15:36:11","modified_gmt":"2022-09-07T19:36:11","slug":"i-535-d","status":"publish","type":"product","link":"https:\/\/signalisationsaphir.com\/?product=i-535-d","title":{"rendered":"I-535-D Acheminement vers un itin\u00e9raire cyclable hors route"},"content":{"rendered":"<p>Les panneaux de signalisation sont disponibles en commandes sp\u00e9ciales seulement.\u00a0<\/p>\n<p>Remplir les champs pour une demande de soumission.<br \/>\nIndiquez vos choix pour le grade, les dimensions, et la quantit\u00e9 de panneaux.\u00a0<\/p>\n<p>Grades disponibles:\u00a0<br \/>\nIng\u00e9nieur<br \/>\n\u00c0 d\u00e9finir<br \/>\nN\/A<\/p>\n<p>Dimensions disponibles:<br \/>\n450 x 450<br \/>\n600 x 600<br \/>\n750 x 750<\/p>\n","protected":false},"excerpt":{"rendered":"<p>Les panneaux de signalisation sont disponibles en commandes sp\u00e9ciales seulement.\u00a0<\/p>\n<p>Remplir les champs pour une demande de soumission.<br \/>\nIndiquez vos choix pour le grade, les dimensions, et la quantit\u00e9 de panneaux.\u00a0<\/p>\n<p>Grades disponibles:\u00a0<br \/>\nIng\u00e9nieur<br \/>\n\u00c0 d\u00e9finir<br \/>\nN\/A<\/p>\n<p>Dimensions disponibles:<br \/>\n450 x 450<br \/>\n600 x 600<br \/>\n750 x 750<\/p>\n","protected":false},"featured_media":16933,"template":"","meta":{"_acf_changed":false},"pwb-brand":[],"product_brand":[],"product_cat":[586,601],"product_tag":[],"class_list":{"0":"post-16932","1":"product","2":"type-product","3":"status-publish","4":"has-post-thumbnail","6":"product_cat-panneaux-de-signalisation","7":"product_cat-panneaux-voix-cyclables","8":"product_shipping_class-livraison-soumission-hors-dimension-poids","10":"first","11":"instock","12":"taxable","13":"shipping-taxable","14":"purchasable","15":"product-type-simple"},"exclude_global_add_ons":false,"addons":[{"name":"Demande de soumission - votre nom","type":"custom_text","position":0,"required":true,"title_format":"label","default":"","description_enable":false,"description":"","placeholder_enable":false,"placeholder":"","display":"select","restrictions_type":"any_text","adjust_price":false,"price":"","price_type":"flat_fee","restrictions":false,"min":"0","max":"0","options":[]},{"name":"Demande de soumission - votre courriel","type":"custom_text","position":1,"required":true,"title_format":"label","default":"","description_enable":true,"description":"Veuillez nous indiquer votre courriel pour faire une demande de soumission","placeholder_enable":false,"placeholder":"","display":"select","restrictions_type":"email","adjust_price":false,"price":"","price_type":"flat_fee","restrictions":false,"min":"0","max":"0","options":[]},{"name":"Demande de soumission - votre t\u00e9l\/cel.","type":"custom_text","position":2,"required":true,"title_format":"label","default":"","description_enable":false,"description":"","placeholder_enable":false,"placeholder":"","display":"select","restrictions_type":"only_numbers","adjust_price":false,"price":"","price_type":"flat_fee","restrictions":false,"min":"0","max":"0","options":[]},{"name":"Information pour demande de soumission","type":"custom_textarea","position":3,"required":true,"title_format":"label","default":"","description_enable":true,"description":"Veuillez nous indiquer les d\u00e9tails de votre demande de soumission","placeholder_enable":false,"placeholder":"","display":"select","restrictions_type":"any_text","adjust_price":false,"price":"","price_type":"flat_fee","restrictions":false,"min":"0","max":"0","options":[]},{"name":"Choix de grade","type":"multiple_choice","position":0,"required":true,"title_format":"label","default":"","description_enable":false,"description":"","placeholder_enable":false,"placeholder":"","display":"select","restrictions_type":"any_text","adjust_price":false,"price":"","price_type":"flat_fee","restrictions":false,"min":"0","max":"0","options":[{"label":"Haute intensit\u00e9","price":"","price_type":"flat_fee","image":0},{"label":"Ing\u00e9nieur","price":"","price_type":"flat_fee","image":0},{"label":"Diamant orange","price":"","price_type":"flat_fee","image":0},{"label":"\u00c0 d\u00e9finir","price":"","price_type":"flat_fee","image":0},{"label":"N\/A","price":"","price_type":"flat_fee","image":0}]},{"name":"Choix dimension","type":"multiple_choice","position":0,"required":true,"title_format":"label","default":"","description_enable":false,"description":"","placeholder_enable":false,"placeholder":"","display":"select","restrictions_type":"any_text","adjust_price":false,"price":"","price_type":"flat_fee","restrictions":false,"min":"0","max":"0","options":[{"label":"150 x 250","price":"","price_type":"flat_fee","image":0},{"label":"150 x 375","price":"","price_type":"flat_fee","image":0},{"label":"150 x 500","price":"","price_type":"flat_fee","image":0},{"label":"160 x 200","price":"","price_type":"flat_fee","image":0},{"label":"200 x 600","price":"","price_type":"flat_fee","image":0},{"label":"300 x 150","price":"","price_type":"flat_fee","image":0},{"label":"300 x 200","price":"","price_type":"flat_fee","image":0},{"label":"300 x 375","price":"","price_type":"flat_fee","image":0},{"label":"300 x 400","price":"","price_type":"flat_fee","image":0},{"label":"300 x 450","price":"","price_type":"flat_fee","image":0},{"label":"400 x 600","price":"","price_type":"flat_fee","image":0},{"label":"450 x 225","price":"","price_type":"flat_fee","image":0},{"label":"450 x 300","price":"","price_type":"flat_fee","image":0},{"label":"450 x 450","price":"","price_type":"flat_fee","image":0},{"label":"450 x 600","price":"","price_type":"flat_fee","image":0},{"label":"450 x 900","price":"","price_type":"flat_fee","image":0},{"label":"600 x 150","price":"","price_type":"flat_fee","image":0},{"label":"600 x 200","price":"","price_type":"flat_fee","image":0},{"label":"600 x 225","price":"","price_type":"flat_fee","image":0},{"label":"600 x 300","price":"","price_type":"flat_fee","image":0},{"label":"600 x 600","price":"","price_type":"flat_fee","image":0},{"label":"600 x 750","price":"","price_type":"flat_fee","image":0},{"label":"750 x 750","price":"","price_type":"flat_fee","image":0},{"label":"900 x 150","price":"","price_type":"flat_fee","image":0},{"label":"900 x 300","price":"","price_type":"flat_fee","image":0},{"label":"900 x 450","price":"","price_type":"flat_fee","image":0},{"label":"1200 x 450","price":"","price_type":"flat_fee","image":0}]}],"acf":[],"yoast_head":"<!-- This site is optimized with the Yoast SEO Premium plugin v24.4 (Yoast SEO v24.4) - https:\/\/yoast.com\/wordpress\/plugins\/seo\/ -->\n<title>I-535-D Acheminement vers un itin\u00e9raire cyclable hors route<\/title>\n<meta name=\"description\" content=\"Signalisation Saphir - Distributeur international. Boutique en ligne offrant produits de s\u00e9curit\u00e9, signalisation et sp\u00e9cialis\u00e9s. Panneaux de signalisation.\" \/>\n<meta name=\"robots\" content=\"index, follow, max-snippet:-1, max-image-preview:large, max-video-preview:-1\" \/>\n<link rel=\"canonical\" href=\"https:\/\/signalisationsaphir.com\/?product=i-535-d\" \/>\n<meta property=\"og:locale\" content=\"fr_FR\" \/>\n<meta property=\"og:type\" content=\"article\" \/>\n<meta property=\"og:title\" content=\"I-535-D Acheminement vers un itin\u00e9raire cyclable hors route\" \/>\n<meta property=\"og:description\" content=\"Signalisation Saphir - Distributeur international. Boutique en ligne offrant produits de s\u00e9curit\u00e9, signalisation et sp\u00e9cialis\u00e9s. Panneaux de signalisation.\" \/>\n<meta property=\"og:url\" content=\"https:\/\/signalisationsaphir.com\/?product=i-535-d\" \/>\n<meta property=\"og:site_name\" content=\"Signalisation Saphir\" \/>\n<meta property=\"article:publisher\" content=\"https:\/\/www.facebook.com\/SignalisationSaphir\" \/>\n<meta property=\"article:modified_time\" content=\"2022-09-07T19:36:11+00:00\" \/>\n<meta property=\"og:image\" content=\"https:\/\/signalisationsaphir.com\/wp-content\/uploads\/2022\/09\/I-535-D.gif\" \/>\n\t<meta property=\"og:image:width\" content=\"220\" \/>\n\t<meta property=\"og:image:height\" content=\"220\" \/>\n\t<meta property=\"og:image:type\" content=\"image\/gif\" \/>\n<meta name=\"twitter:card\" content=\"summary_large_image\" \/>\n<script type=\"application\/ld+json\" class=\"yoast-schema-graph\">{\"@context\":\"https:\/\/schema.org\",\"@graph\":[{\"@type\":\"WebPage\",\"@id\":\"https:\/\/signalisationsaphir.com\/?product=i-535-d\",\"url\":\"https:\/\/signalisationsaphir.com\/?product=i-535-d\",\"name\":\"I-535-D Acheminement vers un itin\u00e9raire cyclable hors route\",\"isPartOf\":{\"@id\":\"https:\/\/signalisationsaphir.com\/#website\"},\"primaryImageOfPage\":{\"@id\":\"https:\/\/signalisationsaphir.com\/?product=i-535-d#primaryimage\"},\"image\":{\"@id\":\"https:\/\/signalisationsaphir.com\/?product=i-535-d#primaryimage\"},\"thumbnailUrl\":\"https:\/\/signalisationsaphir.com\/wp-content\/uploads\/2022\/09\/I-535-D.gif\",\"datePublished\":\"2022-09-07T19:25:41+00:00\",\"dateModified\":\"2022-09-07T19:36:11+00:00\",\"description\":\"Signalisation Saphir - Distributeur international. Boutique en ligne offrant produits de s\u00e9curit\u00e9, signalisation et sp\u00e9cialis\u00e9s. Panneaux de signalisation.\",\"breadcrumb\":{\"@id\":\"https:\/\/signalisationsaphir.com\/?product=i-535-d#breadcrumb\"},\"inLanguage\":\"fr-FR\",\"potentialAction\":[{\"@type\":\"ReadAction\",\"target\":[\"https:\/\/signalisationsaphir.com\/?product=i-535-d\"]}]},{\"@type\":\"ImageObject\",\"inLanguage\":\"fr-FR\",\"@id\":\"https:\/\/signalisationsaphir.com\/?product=i-535-d#primaryimage\",\"url\":\"https:\/\/signalisationsaphir.com\/wp-content\/uploads\/2022\/09\/I-535-D.gif\",\"contentUrl\":\"https:\/\/signalisationsaphir.com\/wp-content\/uploads\/2022\/09\/I-535-D.gif\",\"width\":220,\"height\":220},{\"@type\":\"BreadcrumbList\",\"@id\":\"https:\/\/signalisationsaphir.com\/?product=i-535-d#breadcrumb\",\"itemListElement\":[{\"@type\":\"ListItem\",\"position\":1,\"name\":\"Accueil\",\"item\":\"https:\/\/signalisationsaphir.com\/?page_id=9\"},{\"@type\":\"ListItem\",\"position\":2,\"name\":\"Boutique\",\"item\":\"https:\/\/signalisationsaphir.com\/?page_id=9\"},{\"@type\":\"ListItem\",\"position\":3,\"name\":\"I-535-D Acheminement vers un itin\u00e9raire cyclable hors route\"}]},{\"@type\":\"WebSite\",\"@id\":\"https:\/\/signalisationsaphir.com\/#website\",\"url\":\"https:\/\/signalisationsaphir.com\/\",\"name\":\"Signalisation Saphir\",\"description\":\"Boutique en ligne\",\"publisher\":{\"@id\":\"https:\/\/signalisationsaphir.com\/#organization\"},\"potentialAction\":[{\"@type\":\"SearchAction\",\"target\":{\"@type\":\"EntryPoint\",\"urlTemplate\":\"https:\/\/signalisationsaphir.com\/?s={search_term_string}\"},\"query-input\":{\"@type\":\"PropertyValueSpecification\",\"valueRequired\":true,\"valueName\":\"search_term_string\"}}],\"inLanguage\":\"fr-FR\"},{\"@type\":\"Organization\",\"@id\":\"https:\/\/signalisationsaphir.com\/#organization\",\"name\":\"Signalisation Saphir\",\"url\":\"https:\/\/signalisationsaphir.com\/\",\"logo\":{\"@type\":\"ImageObject\",\"inLanguage\":\"fr-FR\",\"@id\":\"https:\/\/signalisationsaphir.com\/#\/schema\/logo\/image\/\",\"url\":\"https:\/\/signalisationsaphir.com\/wp-content\/uploads\/2017\/01\/cropped-logo-web-plus-large-bleu-blanc.jpg\",\"contentUrl\":\"https:\/\/signalisationsaphir.com\/wp-content\/uploads\/2017\/01\/cropped-logo-web-plus-large-bleu-blanc.jpg\",\"width\":215,\"height\":95,\"caption\":\"Signalisation Saphir\"},\"image\":{\"@id\":\"https:\/\/signalisationsaphir.com\/#\/schema\/logo\/image\/\"},\"sameAs\":[\"https:\/\/www.facebook.com\/SignalisationSaphir\"]}]}<\/script>\n<!-- \/ Yoast SEO Premium plugin. -->","yoast_head_json":{"title":"I-535-D Acheminement vers un itin\u00e9raire cyclable hors route","description":"Signalisation Saphir - Distributeur international. Boutique en ligne offrant produits de s\u00e9curit\u00e9, signalisation et sp\u00e9cialis\u00e9s. Panneaux de signalisation.","robots":{"index":"index","follow":"follow","max-snippet":"max-snippet:-1","max-image-preview":"max-image-preview:large","max-video-preview":"max-video-preview:-1"},"canonical":"https:\/\/signalisationsaphir.com\/?product=i-535-d","og_locale":"fr_FR","og_type":"article","og_title":"I-535-D Acheminement vers un itin\u00e9raire cyclable hors route","og_description":"Signalisation Saphir - Distributeur international. Boutique en ligne offrant produits de s\u00e9curit\u00e9, signalisation et sp\u00e9cialis\u00e9s. Panneaux de signalisation.","og_url":"https:\/\/signalisationsaphir.com\/?product=i-535-d","og_site_name":"Signalisation Saphir","article_publisher":"https:\/\/www.facebook.com\/SignalisationSaphir","article_modified_time":"2022-09-07T19:36:11+00:00","og_image":[{"width":220,"height":220,"url":"https:\/\/signalisationsaphir.com\/wp-content\/uploads\/2022\/09\/I-535-D.gif","type":"image\/gif"}],"twitter_card":"summary_large_image","schema":{"@context":"https:\/\/schema.org","@graph":[{"@type":"WebPage","@id":"https:\/\/signalisationsaphir.com\/?product=i-535-d","url":"https:\/\/signalisationsaphir.com\/?product=i-535-d","name":"I-535-D Acheminement vers un itin\u00e9raire cyclable hors route","isPartOf":{"@id":"https:\/\/signalisationsaphir.com\/#website"},"primaryImageOfPage":{"@id":"https:\/\/signalisationsaphir.com\/?product=i-535-d#primaryimage"},"image":{"@id":"https:\/\/signalisationsaphir.com\/?product=i-535-d#primaryimage"},"thumbnailUrl":"https:\/\/signalisationsaphir.com\/wp-content\/uploads\/2022\/09\/I-535-D.gif","datePublished":"2022-09-07T19:25:41+00:00","dateModified":"2022-09-07T19:36:11+00:00","description":"Signalisation Saphir - Distributeur international. Boutique en ligne offrant produits de s\u00e9curit\u00e9, signalisation et sp\u00e9cialis\u00e9s. Panneaux de signalisation.","breadcrumb":{"@id":"https:\/\/signalisationsaphir.com\/?product=i-535-d#breadcrumb"},"inLanguage":"fr-FR","potentialAction":[{"@type":"ReadAction","target":["https:\/\/signalisationsaphir.com\/?product=i-535-d"]}]},{"@type":"ImageObject","inLanguage":"fr-FR","@id":"https:\/\/signalisationsaphir.com\/?product=i-535-d#primaryimage","url":"https:\/\/signalisationsaphir.com\/wp-content\/uploads\/2022\/09\/I-535-D.gif","contentUrl":"https:\/\/signalisationsaphir.com\/wp-content\/uploads\/2022\/09\/I-535-D.gif","width":220,"height":220},{"@type":"BreadcrumbList","@id":"https:\/\/signalisationsaphir.com\/?product=i-535-d#breadcrumb","itemListElement":[{"@type":"ListItem","position":1,"name":"Accueil","item":"https:\/\/signalisationsaphir.com\/?page_id=9"},{"@type":"ListItem","position":2,"name":"Boutique","item":"https:\/\/signalisationsaphir.com\/?page_id=9"},{"@type":"ListItem","position":3,"name":"I-535-D Acheminement vers un itin\u00e9raire cyclable hors route"}]},{"@type":"WebSite","@id":"https:\/\/signalisationsaphir.com\/#website","url":"https:\/\/signalisationsaphir.com\/","name":"Signalisation Saphir","description":"Boutique en ligne","publisher":{"@id":"https:\/\/signalisationsaphir.com\/#organization"},"potentialAction":[{"@type":"SearchAction","target":{"@type":"EntryPoint","urlTemplate":"https:\/\/signalisationsaphir.com\/?s={search_term_string}"},"query-input":{"@type":"PropertyValueSpecification","valueRequired":true,"valueName":"search_term_string"}}],"inLanguage":"fr-FR"},{"@type":"Organization","@id":"https:\/\/signalisationsaphir.com\/#organization","name":"Signalisation Saphir","url":"https:\/\/signalisationsaphir.com\/","logo":{"@type":"ImageObject","inLanguage":"fr-FR","@id":"https:\/\/signalisationsaphir.com\/#\/schema\/logo\/image\/","url":"https:\/\/signalisationsaphir.com\/wp-content\/uploads\/2017\/01\/cropped-logo-web-plus-large-bleu-blanc.jpg","contentUrl":"https:\/\/signalisationsaphir.com\/wp-content\/uploads\/2017\/01\/cropped-logo-web-plus-large-bleu-blanc.jpg","width":215,"height":95,"caption":"Signalisation Saphir"},"image":{"@id":"https:\/\/signalisationsaphir.com\/#\/schema\/logo\/image\/"},"sameAs":["https:\/\/www.facebook.com\/SignalisationSaphir"]}]}},"brands":[],"_links":{"self":[{"href":"https:\/\/signalisationsaphir.com\/index.php?rest_route=\/wp\/v2\/product\/16932","targetHints":{"allow":["GET"]}}],"collection":[{"href":"https:\/\/signalisationsaphir.com\/index.php?rest_route=\/wp\/v2\/product"}],"about":[{"href":"https:\/\/signalisationsaphir.com\/index.php?rest_route=\/wp\/v2\/types\/product"}],"version-history":[{"count":0,"href":"https:\/\/signalisationsaphir.com\/index.php?rest_route=\/wp\/v2\/product\/16932\/revisions"}],"wp:featuredmedia":[{"embeddable":true,"href":"https:\/\/signalisationsaphir.com\/index.php?rest_route=\/wp\/v2\/media\/16933"}],"wp:attachment":[{"href":"https:\/\/signalisationsaphir.com\/index.php?rest_route=%2Fwp%2Fv2%2Fmedia&parent=16932"}],"wp:term":[{"taxonomy":"pwb-brand","embeddable":true,"href":"https:\/\/signalisationsaphir.com\/index.php?rest_route=%2Fwp%2Fv2%2Fpwb-brand&post=16932"},{"taxonomy":"product_brand","embeddable":true,"href":"https:\/\/signalisationsaphir.com\/index.php?rest_route=%2Fwp%2Fv2%2Fproduct_brand&post=16932"},{"taxonomy":"product_cat","embeddable":true,"href":"https:\/\/signalisationsaphir.com\/index.php?rest_route=%2Fwp%2Fv2%2Fproduct_cat&post=16932"},{"taxonomy":"product_tag","embeddable":true,"href":"https:\/\/signalisationsaphir.com\/index.php?rest_route=%2Fwp%2Fv2%2Fproduct_tag&post=16932"}],"curies":[{"name":"wp","href":"https:\/\/api.w.org\/{rel}","templated":true}]}}