{"id":14062,"date":"2021-03-31T13:46:07","date_gmt":"2021-03-31T17:46:07","guid":{"rendered":"https:\/\/signalisationsaphir.com\/?post_type=product&#038;p=14062"},"modified":"2022-08-03T18:31:08","modified_gmt":"2022-08-03T22:31:08","slug":"bollard-solaire-aux-dels","status":"publish","type":"product","link":"https:\/\/signalisationsaphir.com\/?product=bollard-solaire-aux-dels","title":{"rendered":"Bollard solaire aux DELs"},"content":{"rendered":"<p>Bollard solaire aux DELs illuminant en bleu. Un produit exclusif et unique en vente. Peut \u00eatre install\u00e9 dans vos zones publiques. Pour d\u00e9limiter un chemin. Autour de la piscine. \u00c0 votre entr\u00e9e de camping, etc. Laissez votre imagination prendre la rel\u00e8ve. Ce produit est unique \u00e0 nous et compl\u00e8tement solaire &#8211; donc aucun frais d&#8217;\u00e9lectricit\u00e9.<\/p>\n<ul>\n<li>La hauteur totale du bollard\u00a0solaire aux DELs est de 600 mm<\/li>\n<li>Fait en aluminium anodis\u00e9<\/li>\n<li>D\u00e9tecteur de mouvement automatique<\/li>\n<li>Temps de chargement : 5 heures<\/li>\n<li>Dur\u00e9e de fonctionnement : 3 jours en continu avec une charge de 5 heures<\/li>\n<li>Ancrage au sol<\/li>\n<li>Cat\u00e9gorie IP65 comme nos lampadaires solaires pour la pluie.<\/li>\n<\/ul>\n<p>Produits DEL\u2019s \u2013 s\u00e9curit\u00e9 et signalisation. De nombreux \u00e9l\u00e9ments de conception et de signalisation contribuent \u00e0 pr\u00e9venir les accidents et \u00e0 r\u00e9duire la gravit\u00e9 des blessures qui en r\u00e9sultent. Signalisation Saphir vous propose un ensemble de produits aux DELs s\u00e9curit\u00e9 et signalisation pour couvrir tous vos besoins. Comme par exemple; signalisation et s\u00e9curit\u00e9 routi\u00e8re. Chantier de construction. Chantier d\u2019am\u00e9nagement de la circulation. Pour vos infrastructures routi\u00e8res et bien plus. Visitez les autres\u00a0<a href=\"https:\/\/signalisationsaphir.com\/boutique-de-produits-de-securite-et-signalisation\/\" target=\"_blank\" rel=\"noopener\">cat\u00e9gories de produits disponible en boutique<\/a>.<\/p>\n<p>L\u2019am\u00e9nagement d\u2019un environnement s\u00e9curitaire est important pour vous? Que se soit au travail, sur la route, en camping, en voile, \u00e0 la maison, Signalisation Saphir a les produits aux DELs parfaitement adapt\u00e9s pour la s\u00e9curit\u00e9 de tous.<\/p>\n<p>D\u00e9couvres plus de produits DEL\u2019s avec notre entreprise\u00a0<a href=\"https:\/\/led-the-way.com\/\" target=\"_blank\" rel=\"noopener\">www.led-the-way.com<\/a><\/p>\n","protected":false},"excerpt":{"rendered":"<p>Bollard solaire aux DELs illuminant en bleu. La hauteur totale du bollard est de 600 mm. Fait en aluminium anodis\u00e9. D\u00e9tecteur de mouvement automatique. Temps de chargement : 5 heures. Un produit exclusif et unique en vente. Peut \u00eatre install\u00e9 dans vos zones publiques. Pour d\u00e9limiter un chemin. Autour de la piscine. \u00c0 votre entr\u00e9e de camping, etc. Laissez votre imagination prendre la rel\u00e8ve. Veuillez noter que les taxes ne sont pas incluses dans le prix. Ce produit est unique \u00e0 nous et compl\u00e8tement solaire &#8211; donc aucun frais d&#8217;\u00e9lectricit\u00e9.<\/p>\n","protected":false},"featured_media":14063,"template":"","meta":{"_acf_changed":false},"pwb-brand":[],"product_brand":[],"product_cat":[221],"product_tag":[530],"class_list":{"0":"post-14062","1":"product","2":"type-product","3":"status-publish","4":"has-post-thumbnail","6":"product_cat-nouveautes","7":"product_tag-bollard-solaire-aux-dels","8":"product_shipping_class-standard","10":"first","11":"instock","12":"taxable","13":"shipping-taxable","14":"purchasable","15":"product-type-simple"},"exclude_global_add_ons":[],"addons":[],"acf":[],"yoast_head":"<!-- This site is optimized with the Yoast SEO Premium plugin v24.4 (Yoast SEO v24.4) - https:\/\/yoast.com\/wordpress\/plugins\/seo\/ -->\n<title>Bollard solaire aux DELs - Signalisation Saphir - Produits auxx DELs<\/title>\n<meta name=\"description\" content=\"Bollard solaire aux DELs: Peut \u00eatre install\u00e9 dans vos zones publics, pour d\u00e9limiter un chemin, autour d&#039;une piscine, stationnement, camping..\" \/>\n<meta name=\"robots\" content=\"index, follow, max-snippet:-1, max-image-preview:large, max-video-preview:-1\" \/>\n<link rel=\"canonical\" href=\"https:\/\/signalisationsaphir.com\/?product=bollard-solaire-aux-dels\" \/>\n<meta property=\"og:locale\" content=\"fr_FR\" \/>\n<meta property=\"og:type\" content=\"article\" \/>\n<meta property=\"og:title\" content=\"Bollard solaire aux DELs\" \/>\n<meta property=\"og:description\" content=\"Bollard solaire aux DELs: Peut \u00eatre install\u00e9 dans vos zones publics, pour d\u00e9limiter un chemin, autour d&#039;une piscine, stationnement, camping..\" \/>\n<meta property=\"og:url\" content=\"https:\/\/signalisationsaphir.com\/?product=bollard-solaire-aux-dels\" \/>\n<meta property=\"og:site_name\" content=\"Signalisation Saphir\" \/>\n<meta property=\"article:publisher\" content=\"https:\/\/www.facebook.com\/SignalisationSaphir\" \/>\n<meta property=\"article:modified_time\" content=\"2022-08-03T22:31:08+00:00\" \/>\n<meta property=\"og:image\" content=\"https:\/\/signalisationsaphir.com\/wp-content\/uploads\/2021\/03\/bollard-3.png\" \/>\n\t<meta property=\"og:image:width\" content=\"255\" \/>\n\t<meta property=\"og:image:height\" content=\"263\" \/>\n\t<meta property=\"og:image:type\" content=\"image\/png\" \/>\n<meta name=\"twitter:card\" content=\"summary_large_image\" \/>\n<meta name=\"twitter:label1\" content=\"Dur\u00e9e de lecture estim\u00e9e\" \/>\n\t<meta name=\"twitter:data1\" content=\"2 minutes\" \/>\n<script type=\"application\/ld+json\" class=\"yoast-schema-graph\">{\"@context\":\"https:\/\/schema.org\",\"@graph\":[{\"@type\":\"WebPage\",\"@id\":\"https:\/\/signalisationsaphir.com\/?product=bollard-solaire-aux-dels\",\"url\":\"https:\/\/signalisationsaphir.com\/?product=bollard-solaire-aux-dels\",\"name\":\"Bollard solaire aux DELs - Signalisation Saphir - Produits auxx DELs\",\"isPartOf\":{\"@id\":\"https:\/\/signalisationsaphir.com\/#website\"},\"primaryImageOfPage\":{\"@id\":\"https:\/\/signalisationsaphir.com\/?product=bollard-solaire-aux-dels#primaryimage\"},\"image\":{\"@id\":\"https:\/\/signalisationsaphir.com\/?product=bollard-solaire-aux-dels#primaryimage\"},\"thumbnailUrl\":\"https:\/\/signalisationsaphir.com\/wp-content\/uploads\/2021\/03\/bollard-3.png\",\"datePublished\":\"2021-03-31T17:46:07+00:00\",\"dateModified\":\"2022-08-03T22:31:08+00:00\",\"description\":\"Bollard solaire aux DELs: Peut \u00eatre install\u00e9 dans vos zones publics, pour d\u00e9limiter un chemin, autour d'une piscine, stationnement, camping..\",\"breadcrumb\":{\"@id\":\"https:\/\/signalisationsaphir.com\/?product=bollard-solaire-aux-dels#breadcrumb\"},\"inLanguage\":\"fr-FR\",\"potentialAction\":[{\"@type\":\"ReadAction\",\"target\":[\"https:\/\/signalisationsaphir.com\/?product=bollard-solaire-aux-dels\"]}]},{\"@type\":\"ImageObject\",\"inLanguage\":\"fr-FR\",\"@id\":\"https:\/\/signalisationsaphir.com\/?product=bollard-solaire-aux-dels#primaryimage\",\"url\":\"https:\/\/signalisationsaphir.com\/wp-content\/uploads\/2021\/03\/bollard-3.png\",\"contentUrl\":\"https:\/\/signalisationsaphir.com\/wp-content\/uploads\/2021\/03\/bollard-3.png\",\"width\":255,\"height\":263,\"caption\":\"Bollard solaire aux DELs\"},{\"@type\":\"BreadcrumbList\",\"@id\":\"https:\/\/signalisationsaphir.com\/?product=bollard-solaire-aux-dels#breadcrumb\",\"itemListElement\":[{\"@type\":\"ListItem\",\"position\":1,\"name\":\"Accueil\",\"item\":\"https:\/\/signalisationsaphir.com\/?page_id=9\"},{\"@type\":\"ListItem\",\"position\":2,\"name\":\"Boutique\",\"item\":\"https:\/\/signalisationsaphir.com\/?page_id=9\"},{\"@type\":\"ListItem\",\"position\":3,\"name\":\"Bollard solaire aux DELs\"}]},{\"@type\":\"WebSite\",\"@id\":\"https:\/\/signalisationsaphir.com\/#website\",\"url\":\"https:\/\/signalisationsaphir.com\/\",\"name\":\"Signalisation Saphir\",\"description\":\"Boutique en ligne\",\"publisher\":{\"@id\":\"https:\/\/signalisationsaphir.com\/#organization\"},\"potentialAction\":[{\"@type\":\"SearchAction\",\"target\":{\"@type\":\"EntryPoint\",\"urlTemplate\":\"https:\/\/signalisationsaphir.com\/?s={search_term_string}\"},\"query-input\":{\"@type\":\"PropertyValueSpecification\",\"valueRequired\":true,\"valueName\":\"search_term_string\"}}],\"inLanguage\":\"fr-FR\"},{\"@type\":\"Organization\",\"@id\":\"https:\/\/signalisationsaphir.com\/#organization\",\"name\":\"Signalisation Saphir\",\"url\":\"https:\/\/signalisationsaphir.com\/\",\"logo\":{\"@type\":\"ImageObject\",\"inLanguage\":\"fr-FR\",\"@id\":\"https:\/\/signalisationsaphir.com\/#\/schema\/logo\/image\/\",\"url\":\"https:\/\/signalisationsaphir.com\/wp-content\/uploads\/2017\/01\/cropped-logo-web-plus-large-bleu-blanc.jpg\",\"contentUrl\":\"https:\/\/signalisationsaphir.com\/wp-content\/uploads\/2017\/01\/cropped-logo-web-plus-large-bleu-blanc.jpg\",\"width\":215,\"height\":95,\"caption\":\"Signalisation Saphir\"},\"image\":{\"@id\":\"https:\/\/signalisationsaphir.com\/#\/schema\/logo\/image\/\"},\"sameAs\":[\"https:\/\/www.facebook.com\/SignalisationSaphir\"]}]}<\/script>\n<!-- \/ Yoast SEO Premium plugin. -->","yoast_head_json":{"title":"Bollard solaire aux DELs - Signalisation Saphir - Produits auxx DELs","description":"Bollard solaire aux DELs: Peut \u00eatre install\u00e9 dans vos zones publics, pour d\u00e9limiter un chemin, autour d'une piscine, stationnement, camping..","robots":{"index":"index","follow":"follow","max-snippet":"max-snippet:-1","max-image-preview":"max-image-preview:large","max-video-preview":"max-video-preview:-1"},"canonical":"https:\/\/signalisationsaphir.com\/?product=bollard-solaire-aux-dels","og_locale":"fr_FR","og_type":"article","og_title":"Bollard solaire aux DELs","og_description":"Bollard solaire aux DELs: Peut \u00eatre install\u00e9 dans vos zones publics, pour d\u00e9limiter un chemin, autour d'une piscine, stationnement, camping..","og_url":"https:\/\/signalisationsaphir.com\/?product=bollard-solaire-aux-dels","og_site_name":"Signalisation Saphir","article_publisher":"https:\/\/www.facebook.com\/SignalisationSaphir","article_modified_time":"2022-08-03T22:31:08+00:00","og_image":[{"width":255,"height":263,"url":"https:\/\/signalisationsaphir.com\/wp-content\/uploads\/2021\/03\/bollard-3.png","type":"image\/png"}],"twitter_card":"summary_large_image","twitter_misc":{"Dur\u00e9e de lecture estim\u00e9e":"2 minutes"},"schema":{"@context":"https:\/\/schema.org","@graph":[{"@type":"WebPage","@id":"https:\/\/signalisationsaphir.com\/?product=bollard-solaire-aux-dels","url":"https:\/\/signalisationsaphir.com\/?product=bollard-solaire-aux-dels","name":"Bollard solaire aux DELs - Signalisation Saphir - Produits auxx DELs","isPartOf":{"@id":"https:\/\/signalisationsaphir.com\/#website"},"primaryImageOfPage":{"@id":"https:\/\/signalisationsaphir.com\/?product=bollard-solaire-aux-dels#primaryimage"},"image":{"@id":"https:\/\/signalisationsaphir.com\/?product=bollard-solaire-aux-dels#primaryimage"},"thumbnailUrl":"https:\/\/signalisationsaphir.com\/wp-content\/uploads\/2021\/03\/bollard-3.png","datePublished":"2021-03-31T17:46:07+00:00","dateModified":"2022-08-03T22:31:08+00:00","description":"Bollard solaire aux DELs: Peut \u00eatre install\u00e9 dans vos zones publics, pour d\u00e9limiter un chemin, autour d'une piscine, stationnement, camping..","breadcrumb":{"@id":"https:\/\/signalisationsaphir.com\/?product=bollard-solaire-aux-dels#breadcrumb"},"inLanguage":"fr-FR","potentialAction":[{"@type":"ReadAction","target":["https:\/\/signalisationsaphir.com\/?product=bollard-solaire-aux-dels"]}]},{"@type":"ImageObject","inLanguage":"fr-FR","@id":"https:\/\/signalisationsaphir.com\/?product=bollard-solaire-aux-dels#primaryimage","url":"https:\/\/signalisationsaphir.com\/wp-content\/uploads\/2021\/03\/bollard-3.png","contentUrl":"https:\/\/signalisationsaphir.com\/wp-content\/uploads\/2021\/03\/bollard-3.png","width":255,"height":263,"caption":"Bollard solaire aux DELs"},{"@type":"BreadcrumbList","@id":"https:\/\/signalisationsaphir.com\/?product=bollard-solaire-aux-dels#breadcrumb","itemListElement":[{"@type":"ListItem","position":1,"name":"Accueil","item":"https:\/\/signalisationsaphir.com\/?page_id=9"},{"@type":"ListItem","position":2,"name":"Boutique","item":"https:\/\/signalisationsaphir.com\/?page_id=9"},{"@type":"ListItem","position":3,"name":"Bollard solaire aux DELs"}]},{"@type":"WebSite","@id":"https:\/\/signalisationsaphir.com\/#website","url":"https:\/\/signalisationsaphir.com\/","name":"Signalisation Saphir","description":"Boutique en ligne","publisher":{"@id":"https:\/\/signalisationsaphir.com\/#organization"},"potentialAction":[{"@type":"SearchAction","target":{"@type":"EntryPoint","urlTemplate":"https:\/\/signalisationsaphir.com\/?s={search_term_string}"},"query-input":{"@type":"PropertyValueSpecification","valueRequired":true,"valueName":"search_term_string"}}],"inLanguage":"fr-FR"},{"@type":"Organization","@id":"https:\/\/signalisationsaphir.com\/#organization","name":"Signalisation Saphir","url":"https:\/\/signalisationsaphir.com\/","logo":{"@type":"ImageObject","inLanguage":"fr-FR","@id":"https:\/\/signalisationsaphir.com\/#\/schema\/logo\/image\/","url":"https:\/\/signalisationsaphir.com\/wp-content\/uploads\/2017\/01\/cropped-logo-web-plus-large-bleu-blanc.jpg","contentUrl":"https:\/\/signalisationsaphir.com\/wp-content\/uploads\/2017\/01\/cropped-logo-web-plus-large-bleu-blanc.jpg","width":215,"height":95,"caption":"Signalisation Saphir"},"image":{"@id":"https:\/\/signalisationsaphir.com\/#\/schema\/logo\/image\/"},"sameAs":["https:\/\/www.facebook.com\/SignalisationSaphir"]}]}},"brands":[],"_links":{"self":[{"href":"https:\/\/signalisationsaphir.com\/index.php?rest_route=\/wp\/v2\/product\/14062","targetHints":{"allow":["GET"]}}],"collection":[{"href":"https:\/\/signalisationsaphir.com\/index.php?rest_route=\/wp\/v2\/product"}],"about":[{"href":"https:\/\/signalisationsaphir.com\/index.php?rest_route=\/wp\/v2\/types\/product"}],"version-history":[{"count":0,"href":"https:\/\/signalisationsaphir.com\/index.php?rest_route=\/wp\/v2\/product\/14062\/revisions"}],"wp:featuredmedia":[{"embeddable":true,"href":"https:\/\/signalisationsaphir.com\/index.php?rest_route=\/wp\/v2\/media\/14063"}],"wp:attachment":[{"href":"https:\/\/signalisationsaphir.com\/index.php?rest_route=%2Fwp%2Fv2%2Fmedia&parent=14062"}],"wp:term":[{"taxonomy":"pwb-brand","embeddable":true,"href":"https:\/\/signalisationsaphir.com\/index.php?rest_route=%2Fwp%2Fv2%2Fpwb-brand&post=14062"},{"taxonomy":"product_brand","embeddable":true,"href":"https:\/\/signalisationsaphir.com\/index.php?rest_route=%2Fwp%2Fv2%2Fproduct_brand&post=14062"},{"taxonomy":"product_cat","embeddable":true,"href":"https:\/\/signalisationsaphir.com\/index.php?rest_route=%2Fwp%2Fv2%2Fproduct_cat&post=14062"},{"taxonomy":"product_tag","embeddable":true,"href":"https:\/\/signalisationsaphir.com\/index.php?rest_route=%2Fwp%2Fv2%2Fproduct_tag&post=14062"}],"curies":[{"name":"wp","href":"https:\/\/api.w.org\/{rel}","templated":true}]}}