{"id":13843,"date":"2021-01-14T13:04:06","date_gmt":"2021-01-14T18:04:06","guid":{"rendered":"https:\/\/signalisationsaphir.com\/?post_type=product&#038;p=13843"},"modified":"2022-08-03T20:13:53","modified_gmt":"2022-08-04T00:13:53","slug":"salopette-imper-signaleur","status":"publish","type":"product","link":"https:\/\/signalisationsaphir.com\/?product=salopette-imper-signaleur","title":{"rendered":"Salopette imper &#8211; signaleur"},"content":{"rendered":"<p>Salopette imper &#8211; signaleur. Salopette imperm\u00e9able en nylon haute visibilit\u00e9 de 220 Deniers et PVC. Imperm\u00e9abilit\u00e9 10000mm, avec bandes r\u00e9fl\u00e9chissantes. Velcro d&#8217;ajustement aux jambes, poches cargo et coutures scell\u00e9es. Disponible : 3 &#8211; 5 jours.<\/p>\n<ul>\n<li>Tissu de notre salopette imper &#8211; signaleur: 220d Nylon\/PVC.<\/li>\n<li>Couleurs :Jaune.<\/li>\n<li>Grandeurs :XL &#8211; 2X &#8211; 3X &#8211; 4X.<\/li>\n<li>PRIX SP\u00c9CIAL : 79.95.<\/li>\n<li>Jusqu&#8217;\u00e0 \u00e9puisement de l&#8217;inventaire.<\/li>\n<\/ul>\n<p>Visitez les autres <a href=\"https:\/\/signalisationsaphir.com\/boutique-de-produits-de-securite-et-signalisation\/\" target=\"_blank\" rel=\"noopener\">cat\u00e9gories de produits disponible en boutique<\/a>.<\/p>\n<div class=\"gmail-product-properties\">\n<h2>Section du signaleur:<\/h2>\n<p>Signalisation saphir est une entreprise voulant \u00eatre int\u00e8gre dans le march\u00e9 de la signalisation et s\u00e9curit\u00e9. Nous avons opt\u00e9 pour une meilleure qualit\u00e9 pour tous nos produits de v\u00eatements du signaleur. Notre gamme compl\u00e8te de v\u00eatements et accessoires pour le signaleur est maintenant disponible: uniforme du signaleur. B\u00e2ton du signaleur rechargeable ou non. Drapeau du signaleur. Casque du signaleur ainsi que des bandes aux DELS pour plus de visibilit\u00e9.<\/p>\n<p>En grande nouveaut\u00e9\u2026 l\u2019imperm\u00e9able du signaleur. Nous avons un lot de 1000 uniformes du signaleur conforme aux normes du MTQ. Profitez de nos aubaines.<\/p>\n<p class=\"p1\"><b>Consultez notre entreprise\u00a0<\/b><a href=\"https:\/\/gestiontopaze.com\/\"><span class=\"s1\"><b>Gestion Topaze<\/b><\/span><\/a><b> si vous \u00eates \u00e0 la recherche de signaleurs routiers.<\/b><\/p>\n<\/div>\n","protected":false},"excerpt":{"rendered":"<p>Salopette imper &#8211; signaleur. Salopette imperm\u00e9able en nylon haute visibilit\u00e9 de 220 Deniers et PVC. Imperm\u00e9abilit\u00e9 10000mm, avec bandes r\u00e9fl\u00e9chissantes. Velcro d&#8217;ajustement aux jambes, poches cargo et coutures scell\u00e9es. PRIX SP\u00c9CIAL : 79.95 Jusqu&#8217;\u00e0 \u00e9puisement de l&#8217;inventaire. <span style=\"font-family: -apple-system, BlinkMacSystemFont, 'Segoe UI', Roboto, Oxygen-Sans, Ubuntu, Cantarell, 'Helvetica Neue', sans-serif;\">Veuillez noter que les taxes ne sont pas incluses dans le prix. <\/span>Disponible : 3 &#8211; 5 jours.<\/p>\n","protected":false},"featured_media":13845,"template":"","meta":{"_acf_changed":false},"pwb-brand":[],"product_brand":[],"product_cat":[218,382],"product_tag":[225,474,458,475],"class_list":{"0":"post-13843","1":"product","2":"type-product","3":"status-publish","4":"has-post-thumbnail","6":"product_cat-promotion","7":"product_cat-section-du-signaleur","8":"product_tag-bandes-reflechissantes","9":"product_tag-impermeabilite-10000mm","10":"product_tag-jaune","11":"product_tag-salopette-imper-signaleur","12":"product_shipping_class-standard","14":"first","15":"instock","16":"taxable","17":"shipping-taxable","18":"purchasable","19":"product-type-simple"},"exclude_global_add_ons":false,"addons":[{"name":"Choisissez votre grandeur","type":"multiple_choice","position":0,"required":true,"title_format":"label","default":"","description_enable":false,"description":"","placeholder_enable":false,"placeholder":"","display":"select","restrictions_type":"any_text","adjust_price":false,"price":"","price_type":"flat_fee","restrictions":false,"min":"0","max":"0","options":[{"label":"XL - Extra large","price":"","price_type":"flat_fee","image":0},{"label":"XXL - 2X large","price":"","price_type":"flat_fee","image":0},{"label":"XXXL - 3X Extra large","price":"","price_type":"flat_fee","image":0},{"label":"XXXXL - 4X Extra large","price":"","price_type":"flat_fee","image":0}]}],"acf":[],"yoast_head":"<!-- This site is optimized with the Yoast SEO Premium plugin v24.4 (Yoast SEO v24.4) - https:\/\/yoast.com\/wordpress\/plugins\/seo\/ -->\n<title>Salopette imper - signaleur - Signalisation Saphir Signalisation routi\u00e8re<\/title>\n<meta name=\"description\" content=\"Signalisation Saphir - Produits de s\u00e9curit\u00e9. Produits de signalisation. Produits sp\u00e9cialis\u00e9s. Salopette imper - signaleur et plus.\" \/>\n<meta name=\"robots\" content=\"index, follow, max-snippet:-1, max-image-preview:large, max-video-preview:-1\" \/>\n<link rel=\"canonical\" href=\"https:\/\/signalisationsaphir.com\/?product=salopette-imper-signaleur\" \/>\n<meta property=\"og:locale\" content=\"fr_FR\" \/>\n<meta property=\"og:type\" content=\"article\" \/>\n<meta property=\"og:title\" content=\"Salopette imper - signaleur\" \/>\n<meta property=\"og:description\" content=\"Signalisation Saphir - Produits de s\u00e9curit\u00e9. Produits de signalisation. Produits sp\u00e9cialis\u00e9s. Salopette imper - signaleur et plus.\" \/>\n<meta property=\"og:url\" content=\"https:\/\/signalisationsaphir.com\/?product=salopette-imper-signaleur\" \/>\n<meta property=\"og:site_name\" content=\"Signalisation Saphir\" \/>\n<meta property=\"article:publisher\" content=\"https:\/\/www.facebook.com\/SignalisationSaphir\" \/>\n<meta property=\"article:modified_time\" content=\"2022-08-04T00:13:53+00:00\" \/>\n<meta property=\"og:image\" content=\"https:\/\/signalisationsaphir.com\/wp-content\/uploads\/2021\/01\/salopette-imper-signaleur.jpg\" \/>\n\t<meta property=\"og:image:width\" content=\"1500\" \/>\n\t<meta property=\"og:image:height\" content=\"1500\" \/>\n\t<meta property=\"og:image:type\" content=\"image\/jpeg\" \/>\n<meta name=\"twitter:card\" content=\"summary_large_image\" \/>\n<meta name=\"twitter:label1\" content=\"Dur\u00e9e de lecture estim\u00e9e\" \/>\n\t<meta name=\"twitter:data1\" content=\"1 minute\" \/>\n<script type=\"application\/ld+json\" class=\"yoast-schema-graph\">{\"@context\":\"https:\/\/schema.org\",\"@graph\":[{\"@type\":\"WebPage\",\"@id\":\"https:\/\/signalisationsaphir.com\/?product=salopette-imper-signaleur\",\"url\":\"https:\/\/signalisationsaphir.com\/?product=salopette-imper-signaleur\",\"name\":\"Salopette imper - signaleur - Signalisation Saphir Signalisation routi\u00e8re\",\"isPartOf\":{\"@id\":\"https:\/\/signalisationsaphir.com\/#website\"},\"primaryImageOfPage\":{\"@id\":\"https:\/\/signalisationsaphir.com\/?product=salopette-imper-signaleur#primaryimage\"},\"image\":{\"@id\":\"https:\/\/signalisationsaphir.com\/?product=salopette-imper-signaleur#primaryimage\"},\"thumbnailUrl\":\"https:\/\/signalisationsaphir.com\/wp-content\/uploads\/2021\/01\/salopette-imper-signaleur.jpg\",\"datePublished\":\"2021-01-14T18:04:06+00:00\",\"dateModified\":\"2022-08-04T00:13:53+00:00\",\"description\":\"Signalisation Saphir - Produits de s\u00e9curit\u00e9. Produits de signalisation. Produits sp\u00e9cialis\u00e9s. Salopette imper - signaleur et plus.\",\"breadcrumb\":{\"@id\":\"https:\/\/signalisationsaphir.com\/?product=salopette-imper-signaleur#breadcrumb\"},\"inLanguage\":\"fr-FR\",\"potentialAction\":[{\"@type\":\"ReadAction\",\"target\":[\"https:\/\/signalisationsaphir.com\/?product=salopette-imper-signaleur\"]}]},{\"@type\":\"ImageObject\",\"inLanguage\":\"fr-FR\",\"@id\":\"https:\/\/signalisationsaphir.com\/?product=salopette-imper-signaleur#primaryimage\",\"url\":\"https:\/\/signalisationsaphir.com\/wp-content\/uploads\/2021\/01\/salopette-imper-signaleur.jpg\",\"contentUrl\":\"https:\/\/signalisationsaphir.com\/wp-content\/uploads\/2021\/01\/salopette-imper-signaleur.jpg\",\"width\":1500,\"height\":1500},{\"@type\":\"BreadcrumbList\",\"@id\":\"https:\/\/signalisationsaphir.com\/?product=salopette-imper-signaleur#breadcrumb\",\"itemListElement\":[{\"@type\":\"ListItem\",\"position\":1,\"name\":\"Accueil\",\"item\":\"https:\/\/signalisationsaphir.com\/?page_id=9\"},{\"@type\":\"ListItem\",\"position\":2,\"name\":\"Boutique\",\"item\":\"https:\/\/signalisationsaphir.com\/?page_id=9\"},{\"@type\":\"ListItem\",\"position\":3,\"name\":\"Salopette imper &#8211; signaleur\"}]},{\"@type\":\"WebSite\",\"@id\":\"https:\/\/signalisationsaphir.com\/#website\",\"url\":\"https:\/\/signalisationsaphir.com\/\",\"name\":\"Signalisation Saphir\",\"description\":\"Boutique en ligne\",\"publisher\":{\"@id\":\"https:\/\/signalisationsaphir.com\/#organization\"},\"potentialAction\":[{\"@type\":\"SearchAction\",\"target\":{\"@type\":\"EntryPoint\",\"urlTemplate\":\"https:\/\/signalisationsaphir.com\/?s={search_term_string}\"},\"query-input\":{\"@type\":\"PropertyValueSpecification\",\"valueRequired\":true,\"valueName\":\"search_term_string\"}}],\"inLanguage\":\"fr-FR\"},{\"@type\":\"Organization\",\"@id\":\"https:\/\/signalisationsaphir.com\/#organization\",\"name\":\"Signalisation Saphir\",\"url\":\"https:\/\/signalisationsaphir.com\/\",\"logo\":{\"@type\":\"ImageObject\",\"inLanguage\":\"fr-FR\",\"@id\":\"https:\/\/signalisationsaphir.com\/#\/schema\/logo\/image\/\",\"url\":\"https:\/\/signalisationsaphir.com\/wp-content\/uploads\/2017\/01\/cropped-logo-web-plus-large-bleu-blanc.jpg\",\"contentUrl\":\"https:\/\/signalisationsaphir.com\/wp-content\/uploads\/2017\/01\/cropped-logo-web-plus-large-bleu-blanc.jpg\",\"width\":215,\"height\":95,\"caption\":\"Signalisation Saphir\"},\"image\":{\"@id\":\"https:\/\/signalisationsaphir.com\/#\/schema\/logo\/image\/\"},\"sameAs\":[\"https:\/\/www.facebook.com\/SignalisationSaphir\"]}]}<\/script>\n<!-- \/ Yoast SEO Premium plugin. -->","yoast_head_json":{"title":"Salopette imper - signaleur - Signalisation Saphir Signalisation routi\u00e8re","description":"Signalisation Saphir - Produits de s\u00e9curit\u00e9. Produits de signalisation. Produits sp\u00e9cialis\u00e9s. Salopette imper - signaleur et plus.","robots":{"index":"index","follow":"follow","max-snippet":"max-snippet:-1","max-image-preview":"max-image-preview:large","max-video-preview":"max-video-preview:-1"},"canonical":"https:\/\/signalisationsaphir.com\/?product=salopette-imper-signaleur","og_locale":"fr_FR","og_type":"article","og_title":"Salopette imper - signaleur","og_description":"Signalisation Saphir - Produits de s\u00e9curit\u00e9. Produits de signalisation. Produits sp\u00e9cialis\u00e9s. Salopette imper - signaleur et plus.","og_url":"https:\/\/signalisationsaphir.com\/?product=salopette-imper-signaleur","og_site_name":"Signalisation Saphir","article_publisher":"https:\/\/www.facebook.com\/SignalisationSaphir","article_modified_time":"2022-08-04T00:13:53+00:00","og_image":[{"width":1500,"height":1500,"url":"https:\/\/signalisationsaphir.com\/wp-content\/uploads\/2021\/01\/salopette-imper-signaleur.jpg","type":"image\/jpeg"}],"twitter_card":"summary_large_image","twitter_misc":{"Dur\u00e9e de lecture estim\u00e9e":"1 minute"},"schema":{"@context":"https:\/\/schema.org","@graph":[{"@type":"WebPage","@id":"https:\/\/signalisationsaphir.com\/?product=salopette-imper-signaleur","url":"https:\/\/signalisationsaphir.com\/?product=salopette-imper-signaleur","name":"Salopette imper - signaleur - Signalisation Saphir Signalisation routi\u00e8re","isPartOf":{"@id":"https:\/\/signalisationsaphir.com\/#website"},"primaryImageOfPage":{"@id":"https:\/\/signalisationsaphir.com\/?product=salopette-imper-signaleur#primaryimage"},"image":{"@id":"https:\/\/signalisationsaphir.com\/?product=salopette-imper-signaleur#primaryimage"},"thumbnailUrl":"https:\/\/signalisationsaphir.com\/wp-content\/uploads\/2021\/01\/salopette-imper-signaleur.jpg","datePublished":"2021-01-14T18:04:06+00:00","dateModified":"2022-08-04T00:13:53+00:00","description":"Signalisation Saphir - Produits de s\u00e9curit\u00e9. Produits de signalisation. Produits sp\u00e9cialis\u00e9s. Salopette imper - signaleur et plus.","breadcrumb":{"@id":"https:\/\/signalisationsaphir.com\/?product=salopette-imper-signaleur#breadcrumb"},"inLanguage":"fr-FR","potentialAction":[{"@type":"ReadAction","target":["https:\/\/signalisationsaphir.com\/?product=salopette-imper-signaleur"]}]},{"@type":"ImageObject","inLanguage":"fr-FR","@id":"https:\/\/signalisationsaphir.com\/?product=salopette-imper-signaleur#primaryimage","url":"https:\/\/signalisationsaphir.com\/wp-content\/uploads\/2021\/01\/salopette-imper-signaleur.jpg","contentUrl":"https:\/\/signalisationsaphir.com\/wp-content\/uploads\/2021\/01\/salopette-imper-signaleur.jpg","width":1500,"height":1500},{"@type":"BreadcrumbList","@id":"https:\/\/signalisationsaphir.com\/?product=salopette-imper-signaleur#breadcrumb","itemListElement":[{"@type":"ListItem","position":1,"name":"Accueil","item":"https:\/\/signalisationsaphir.com\/?page_id=9"},{"@type":"ListItem","position":2,"name":"Boutique","item":"https:\/\/signalisationsaphir.com\/?page_id=9"},{"@type":"ListItem","position":3,"name":"Salopette imper &#8211; signaleur"}]},{"@type":"WebSite","@id":"https:\/\/signalisationsaphir.com\/#website","url":"https:\/\/signalisationsaphir.com\/","name":"Signalisation Saphir","description":"Boutique en ligne","publisher":{"@id":"https:\/\/signalisationsaphir.com\/#organization"},"potentialAction":[{"@type":"SearchAction","target":{"@type":"EntryPoint","urlTemplate":"https:\/\/signalisationsaphir.com\/?s={search_term_string}"},"query-input":{"@type":"PropertyValueSpecification","valueRequired":true,"valueName":"search_term_string"}}],"inLanguage":"fr-FR"},{"@type":"Organization","@id":"https:\/\/signalisationsaphir.com\/#organization","name":"Signalisation Saphir","url":"https:\/\/signalisationsaphir.com\/","logo":{"@type":"ImageObject","inLanguage":"fr-FR","@id":"https:\/\/signalisationsaphir.com\/#\/schema\/logo\/image\/","url":"https:\/\/signalisationsaphir.com\/wp-content\/uploads\/2017\/01\/cropped-logo-web-plus-large-bleu-blanc.jpg","contentUrl":"https:\/\/signalisationsaphir.com\/wp-content\/uploads\/2017\/01\/cropped-logo-web-plus-large-bleu-blanc.jpg","width":215,"height":95,"caption":"Signalisation Saphir"},"image":{"@id":"https:\/\/signalisationsaphir.com\/#\/schema\/logo\/image\/"},"sameAs":["https:\/\/www.facebook.com\/SignalisationSaphir"]}]}},"brands":[],"_links":{"self":[{"href":"https:\/\/signalisationsaphir.com\/index.php?rest_route=\/wp\/v2\/product\/13843","targetHints":{"allow":["GET"]}}],"collection":[{"href":"https:\/\/signalisationsaphir.com\/index.php?rest_route=\/wp\/v2\/product"}],"about":[{"href":"https:\/\/signalisationsaphir.com\/index.php?rest_route=\/wp\/v2\/types\/product"}],"version-history":[{"count":0,"href":"https:\/\/signalisationsaphir.com\/index.php?rest_route=\/wp\/v2\/product\/13843\/revisions"}],"wp:featuredmedia":[{"embeddable":true,"href":"https:\/\/signalisationsaphir.com\/index.php?rest_route=\/wp\/v2\/media\/13845"}],"wp:attachment":[{"href":"https:\/\/signalisationsaphir.com\/index.php?rest_route=%2Fwp%2Fv2%2Fmedia&parent=13843"}],"wp:term":[{"taxonomy":"pwb-brand","embeddable":true,"href":"https:\/\/signalisationsaphir.com\/index.php?rest_route=%2Fwp%2Fv2%2Fpwb-brand&post=13843"},{"taxonomy":"product_brand","embeddable":true,"href":"https:\/\/signalisationsaphir.com\/index.php?rest_route=%2Fwp%2Fv2%2Fproduct_brand&post=13843"},{"taxonomy":"product_cat","embeddable":true,"href":"https:\/\/signalisationsaphir.com\/index.php?rest_route=%2Fwp%2Fv2%2Fproduct_cat&post=13843"},{"taxonomy":"product_tag","embeddable":true,"href":"https:\/\/signalisationsaphir.com\/index.php?rest_route=%2Fwp%2Fv2%2Fproduct_tag&post=13843"}],"curies":[{"name":"wp","href":"https:\/\/api.w.org\/{rel}","templated":true}]}}