{"id":13774,"date":"2020-10-28T13:43:33","date_gmt":"2020-10-28T17:43:33","guid":{"rendered":"https:\/\/signalisationsaphir.com\/?post_type=product&#038;p=13774"},"modified":"2022-08-03T18:49:27","modified_gmt":"2022-08-03T22:49:27","slug":"panneau-a-message-variable-pmv","status":"publish","type":"product","link":"https:\/\/signalisationsaphir.com\/?product=panneau-a-message-variable-pmv","title":{"rendered":"Panneau \u00e0 message variable &#8211; PMV"},"content":{"rendered":"<p>Panneau \u00e0 message variable &#8211; PMV. Unit\u00e9 indispensable pour les chantiers de voiries: s\u00e9curit\u00e9 traffic, gestion de flotte, zones de travails diversifi\u00e9es. Construction modulaire enti\u00e8rement en aluminium &#8211; conforme \u00e0 la norme CAN\/CSA-S6-00. Message peut \u00eatre pr\u00e9-programm\u00e9 ou programm\u00e9 \u00e0 l&#8217;avance. \u00c9cran multilingue. Le contr\u00f4leur \u00e0 \u00e9cran tactile est simple et facile \u00e0 utiliser. G\u00e9rez votre flotte depuis votre ordinateur portable, PC ou smartphone. L\u2019interface et le logiciel requis pour la t\u00e9l\u00e9commande sont install\u00e9s (comprend le logiciel, l\u2019antenne, le c\u00e2ble Ethernet et la connexion d\u2019alimentation pour le modem fourni par le client et\/ou MTQ). Recevez des notifications sur l\u2019\u00e9tat des syst\u00e8mes, la g\u00e9olocalisation et les diagnostics accessibles de partout o\u00f9 votre smartphone fonctionne. Garantie : 5 ans compl\u00e8te. Consultez les informations ci-jointes pour toutes les caract\u00e9ristiques sp\u00e9ciales de cet unit\u00e9. Disponibilit\u00e9: en inventaire.<\/p>\n<h4 class=\"p2\"><b>Caract\u00e9ristiques:\u00a0<\/b><\/h4>\n<p class=\"p2\">Panneau \u00e0 message variable &#8211; PMV &#8211; unit\u00e9 MB-3072-MTQ offre une alimentation continue et ininterrompue entre le 1er avril et le 30 novembre au Qu\u00e9bec (g\u00e9n\u00e9rateur solaire de 320 watts avec fonction d\u2019inclinaison et de rotation) avec une autonomie minimale de quatorze (14) jours sur la batterie seule (selon les sp\u00e9cifications MTQ).<\/p>\n<p class=\"p2\">Une lentille grand angle brevet\u00e9e couvre chaque LED et change l\u2019angle de vision de 23 \u00b0 \u00e0 60 \u00b0, offrant une visibilit\u00e9 accrue \u00e0 des angles plus grands et des temps de vision plus longs dans les situations o\u00f9 la visualisation de la vitesse est critique, comme sur les rampes, dans les courbes et dans les r\u00e9sidences domaines.<\/p>\n<p class=\"p2\">De plus, notre affichage sur le babillard offre une visibilit\u00e9 et une lisibilit\u00e9 exceptionnelles des messages dans toutes les conditions d\u2019\u00e9clairage ambiant et m\u00e9t\u00e9orologiques (&gt; 15 degr\u00e9s d\u2019angularit\u00e9,&gt; 500 m de visibilit\u00e9, lisible de &lt;50 m \u00e0&gt; 200 m).<\/p>\n<div>\n<h4 class=\"p1\"><strong>Info Panneau d&#8217;affichage: <\/strong><\/h4>\n<ul>\n<li class=\"p1\">Taille du Panneau: 135\u201c de large x 59\u201d de haut (343cm de large x 151cm de haut)<\/li>\n<li class=\"p1\">Construction du panneau: Construction modulaire enti\u00e8rement en aluminium &#8211; conforme \u00e0 la norme CAN\/CSA-S6-00<\/li>\n<li class=\"p1\">Taille de la matrice: 30 x 72 pixels<\/li>\n<li class=\"p1\">Taille de pixel : 1,8\u201d x 1,8\u201c (45 mm x 45 mm)<\/li>\n<li class=\"p1\">Nombre de lignes: Jusqu\u2019\u00e0 trois (3)<\/li>\n<li class=\"p1\">Quantit\u00e9 de caract\u00e8res par ligne: Jusqu\u2019\u00e0 douze (12)<\/li>\n<li class=\"p1\"># de polices : Un (1) &#8211; jeu de polices MTQ personnalis\u00e9<\/li>\n<li class=\"p1\">Hauteur des caract\u00e8res : 12,5 \u201d(315 mm) nominal, visible de 500&gt; m \/ lisible de 50 m \u00e0 200 m<\/li>\n<li class=\"p1\">Capacit\u00e9 graphique : Matrice compl\u00e8te &#8211; statique et anim\u00e9e<\/li>\n<li class=\"p1\">Technologie d\u2019affichage: LED (ambre, 590 nm) \/&gt; 10000 cd \/ m2<\/li>\n<li class=\"p1\">Rapport de contraste d\u2019affichage: &gt;6:1 (400 to 40,000lx)<\/li>\n<li class=\"p1\">Coh\u00e9rence des LED: &lt;3:1 (12% pixels)\/&lt;5:1 (4% pixels)<\/li>\n<li class=\"p1\">Afficher l\u2019esp\u00e9rance de vie: 10 ans minimum (&gt; 100 000 heures)<\/li>\n<li class=\"p1\">M\u00e9canisme de levage .: Capacit\u00e9 \u00e9lectro-hydraulique de 2000 lb<\/li>\n<li class=\"p1\">Rotation du panneau de signalisation:\u00a0 Plus de 360<\/li>\n<\/ul>\n<h4 class=\"p1\"><b>Remorque:<\/b><\/h4>\n<ul>\n<li class=\"p2\">Longueur: 180 \u201c(457 cm) de long<\/li>\n<li class=\"p2\">Largeur hors tout: 92 \u201c(234 cm) de large<\/li>\n<li class=\"p2\">Hauteur de transport: 111 \u201c (282 cm)<\/li>\n<li class=\"p2\">Hauteur de fonctionnement : 170 \u201c (431 cm)<\/li>\n<li class=\"p2\">D\u00e9gagement : 13 \u201c (33 cm) le minimum<\/li>\n<li class=\"p2\">Poids: 2400 lb (1089 kg) maximum<\/li>\n<li class=\"p2\">Attelage (classe III) :\u00a0 Boule 2\u201d (50 mm) ou piton 3\u201d (76 mm)<\/li>\n<li class=\"p2\">Essieu\/Suspension : Torq flex, ind\u00e9pendant<\/li>\n<li class=\"p2\">Chargement \/ stabilit\u00e9 au vent: 120 km \/ h (soutenu) \/ 160 km \/ h (rafales)<\/li>\n<li class=\"p2\">\u00c9cart de temp\u00e9rature: -40\u00b0 to +50\u00b0 Celsius (en fonctionnement)<\/li>\n<\/ul>\n<h4 class=\"p1\"><b>Console de commande Meca-Tech :<\/b><\/h4>\n<ul>\n<li class=\"p2\">Circuits : \u00c9tat solide ultra-faible puissance<\/li>\n<li class=\"p2\">\u00c9cran tactile : GUI imperm\u00e9able, r\u00e9tro\u00e9clair\u00e9, en couleur, intuitif, bas\u00e9 sur des ic\u00f4nes, multilingue<\/li>\n<li class=\"p2\">Logiciel de programmation :\u00a0 Exclusivit\u00e9, mise \u00e0 niveau sur place<\/li>\n<li class=\"p2\">Capacit\u00e9 de message: Pr\u00e9programm\u00e9 et programm\u00e9 par l\u2019utilisateur &#8211; plus de 250 chaque<\/li>\n<li class=\"p2\">Contr\u00f4le heure-date: Horloge \/ calendrier en temps r\u00e9el (365 jours)<\/li>\n<li class=\"p2\">Dur\u00e9e d\u2019affichage: S\u00e9lection par l\u2019utilisateur (0,1 \u00e0 99 secondes)<\/li>\n<li class=\"p2\">Afficher l\u2019heure de mise \u00e0 jour: Instantan\u00e9e<\/li>\n<li class=\"p2\">M\u00e9moire non volatile : Batterie de secours s\u00e9par\u00e9e<\/li>\n<li class=\"p2\">Mot de passe de protection: S\u00e9lection par l\u2019utilisateur, \u00e0 plusieurs niveaux<\/li>\n<li class=\"p2\">Interface op\u00e9rateur.: Ic\u00f4nes faciles \u00e0 utiliser (aucun manuel requis)<\/li>\n<li class=\"p2\">Connectivit\u00e9: En r\u00e9seau (filaire ou sans fil &#8211; reli\u00e9 IP ordre dynamique statique) et enti\u00e8rement NTCIP<\/li>\n<\/ul>\n<h4 class=\"p1\"><b>Source d&#8217;\u00e9nergie :<\/b><\/h4>\n<ul>\n<li class=\"p2\">Tension de fonctionnement : 12 volts DC (nominal)<\/li>\n<li class=\"p2\">Type de batterie : 6 Volt intensif, cycle profond (BCI Group GC-2) -Crown CR-235<\/li>\n<li class=\"p2\">Nombre de batteries:\u00a0 Huit (8) standard &#8211; autonomie minimum de 14 jours; avec mise \u00e0 niveau de la batterie AUX &#8211; douze (12)<\/li>\n<li class=\"p2\">Capacit\u00e9 du banc de batterie: 1200 amp\u00e8res standard (autonomie de 14 jours); avec mise \u00e0 niveau de la batterie AUX &#8211; 1800 amp\u00e8res-heures<\/li>\n<li class=\"p2\">Indicateur d\u2019\u00e9tat de la batterie: Affiche la charge compl\u00e8te, l\u2019\u00e9tat normal et la batterie faible<\/li>\n<li class=\"p2\">Construction de panneaux solaires: Panneaux solaires mont\u00e9s sur le dessus dans un sous- ch\u00e2ssis avec mat\u00e9riel inclinable et rotatif et inviolable<\/li>\n<li class=\"p2\">Puissance de sortie du panneau solaire:\u00a0 320 watts (cr\u00eate)<\/li>\n<li class=\"p2\">Contr\u00f4leur de charge solaire.: Automatique, compens\u00e9 en temp\u00e9rature<\/li>\n<li class=\"p2\">Chargeur de batterie auxiliaire : 115 VAC, alimentation par ligne, 45 amp\u00e8res &#8211; Standard; avec mise \u00e0 niveau du chargeur de batterie &#8211; 90 amp\u00e8res<\/li>\n<\/ul>\n<h4 class=\"p1\"><strong>Options et mises \u00e0 niveau:\u00a0<\/strong><\/h4>\n<p class=\"p2\">Freins:\u00a0 Freins inertiels hydrauliques (capacit\u00e9 5 000 lb) \u2022 Freins \u00e9lectriques<\/p>\n<p class=\"p3\"><span class=\"s2\">Batteries:<\/span><\/p>\n<ul>\n<li class=\"p4\">Douze (12) batteries au plomb (\u00e9lectrolyte liquide) (1560 Ah)<\/li>\n<li class=\"p4\">Douze (12) batteries sans entretien (Gel-Cell ou AGM) (1560 Ah)<\/li>\n<\/ul>\n<p class=\"p3\"><span class=\"s2\">Panneaux solaires<\/span><\/p>\n<ul>\n<li class=\"p4\">240 W (nominal) &#8211; 255 W (cr\u00eate)<\/li>\n<li class=\"p4\">320 W (nominal) &#8211; 340 W (cr\u00eate)<\/li>\n<li class=\"p4\">400 W (nominal) &#8211; 425 W (cr\u00eate)<\/li>\n<li class=\"p4\">480 W (nominal) &#8211; 510 W (cr\u00eate)<\/li>\n<\/ul>\n<p class=\"p3\"><span class=\"s2\">Chargeurs de batterie\u00a0<\/span><\/p>\n<ul>\n<li class=\"p4\">45 A (115 V CA 50\/60 Hz &#8211; entr\u00e9e)<\/li>\n<li class=\"p4\">75 A (115 V CA 50\/60 Hz &#8211; entr\u00e9e)<\/li>\n<li class=\"p4\">30 A (230 V CA 50 Hz &#8211; entr\u00e9e)<\/li>\n<li class=\"p4\">45 A (230 V CA 50 Hz &#8211; entr\u00e9e)<\/li>\n<\/ul>\n<p class=\"p3\"><span class=\"s2\">Options de t\u00e9l\u00e9commande:\u00a0\u00a0<\/span><\/p>\n<ul>\n<li class=\"p4\">Faible port\u00e9e sans fil &#8211; WiFi 802.11<\/li>\n<li class=\"p4\">Cellulaire sans fil &#8211; GPRS (CDMA \/ GSM) avec GPS<\/li>\n<\/ul>\n<p><span class=\"s2\">Radar:<\/span><\/p>\n<ul>\n<li class=\"p4\">Doppler directionnel en bande D. Configurable par l\u2019utilisateur en km \/ h ou mph. Donn\u00e9es logicielles d\u2019entr\u00e9e et analyse statistique incluses.<\/li>\n<\/ul>\n<p>Produits de <a href=\"https:\/\/www.transports.gouv.qc.ca\/fr\/securite-signalisation\/signalisation\/Pages\/signalisation.aspx\" target=\"_blank\" rel=\"noopener\">s\u00e9curit\u00e9<\/a> : L\u2019am\u00e9nagement d\u2019un environnement s\u00e9curitaire est important pour tous. Signalisation Saphir offre toute une panoplie de produits de s\u00e9curit\u00e9 professionnels. Nos articles et accessoires de s\u00e9curit\u00e9 r\u00e9pondent aux normes en vigueur de la s\u00e9curit\u00e9. Gamme de produits pour voirie offerts: Bollard TRV-10 de 48&#8243; avec goupille flexible. C\u00f4ne orange 28&#8243;. Des v\u00eatements pour travailleurs: chapeau de s\u00e9curit\u00e9. Parka. Habit de pluie. Bottes. Souliers. Avec en plus des vestes avec bandes r\u00e9fl\u00e9chissantes. Chandails d&#8217;\u00e9t\u00e9 et bien plus. Accessoires:\u00a0 fus\u00e9e routi\u00e8re, pes\u00e9e et dos d&#8217;\u00e2ne et cl\u00f4ture de balisage. Visitez les autres <a href=\"https:\/\/signalisationsaphir.com\/boutique-de-produits-de-securite-et-signalisation\/\" target=\"_blank\" rel=\"noopener\">cat\u00e9gories de produits disponible en boutique<\/a>.<\/p>\n<\/div>\n","protected":false},"excerpt":{"rendered":"<p>Panneau \u00e0 message variable &#8211; PMV. Unit\u00e9 indispensable pour les chantiers de voiries: s\u00e9curit\u00e9 traffic, gestion de flotte, zones de travails diversifi\u00e9es. Veuillez noter que les taxes ne sont pas incluses dans le prix. Construction modulaire enti\u00e8rement en aluminium &#8211; conforme \u00e0 la norme CAN\/CSA-S6-00. Message peut \u00eatre pr\u00e9-programm\u00e9 ou programm\u00e9 \u00e0 l&#8217;avance. \u00c9cran multilingue. Le contr\u00f4leur \u00e0 \u00e9cran tactile est simple et facile \u00e0 utiliser. G\u00e9rez votre flotte depuis votre ordinateur portable, PC ou smartphone. L\u2019interface et le logiciel requis pour la t\u00e9l\u00e9commande sont install\u00e9s (comprend le logiciel, l\u2019antenne, le c\u00e2ble Ethernet et la connexion d\u2019alimentation pour le modem fourni par le client et\/ou MTQ). Recevez des notifications sur l\u2019\u00e9tat des syst\u00e8mes, la g\u00e9olocalisation et les diagnostics accessibles de partout o\u00f9 votre smartphone fonctionne. Garantie : 5 ans compl\u00e8te. Consultez les informations ci-jointes pour toutes les caract\u00e9ristiques sp\u00e9ciales de cet unit\u00e9. Disponibilit\u00e9: en inventaire.<\/p>\n","protected":false},"featured_media":13775,"template":"","meta":{"_acf_changed":false},"pwb-brand":[],"product_brand":[],"product_cat":[217],"product_tag":[427,429,435,433,432,428,424,434,232,426,430,431,401],"class_list":{"0":"post-13774","1":"product","2":"type-product","3":"status-publish","4":"has-post-thumbnail","6":"product_cat-produits-specialises","7":"product_tag-autonomie-min-14-jours","8":"product_tag-brevet","9":"product_tag-distance","10":"product_tag-ecran-multilingue","11":"product_tag-garantie-5-ans","12":"product_tag-led","13":"product_tag-panneau-a-message-variable-pmv","14":"product_tag-programmation","15":"product_tag-securite","16":"product_tag-simple-et-facile-usage","17":"product_tag-traffic","18":"product_tag-travaux","19":"product_tag-voirie","20":"product_shipping_class-livraison-soumission-hors-dimension-poids","22":"first","23":"instock","24":"taxable","25":"shipping-taxable","26":"purchasable","27":"product-type-simple"},"exclude_global_add_ons":[],"addons":[],"acf":[],"yoast_head":"<!-- This site is optimized with the Yoast SEO Premium plugin v24.4 (Yoast SEO v24.4) - https:\/\/yoast.com\/wordpress\/plugins\/seo\/ -->\n<title>Panneau \u00e0 message variable - PMV - Signalisation Saphir<\/title>\n<meta name=\"description\" content=\"Signalisation Saphir. Produits de s\u00e9curit\u00e9. Produits de signalisation. Produits sp\u00e9cialis\u00e9s: Panneau \u00e0 message variable - PMV\" \/>\n<meta name=\"robots\" content=\"index, follow, max-snippet:-1, max-image-preview:large, max-video-preview:-1\" \/>\n<link rel=\"canonical\" href=\"https:\/\/signalisationsaphir.com\/?product=panneau-a-message-variable-pmv\" \/>\n<meta property=\"og:locale\" content=\"fr_FR\" \/>\n<meta property=\"og:type\" content=\"article\" \/>\n<meta property=\"og:title\" content=\"Panneau \u00e0 message variable - PMV\" \/>\n<meta property=\"og:description\" content=\"Panneau \u00e0 message variable - PMV. Unit\u00e9 indispensable pour les chantiers de voiries: s\u00e9curit\u00e9 traffic, gestion de flotte, zones de travails diversifi\u00e9es. Construction modulaire enti\u00e8rement en aluminium - conforme \u00e0 la norme CAN\/CSA-S6-00. Message peut \u00eatre pr\u00e9-programm\u00e9 ou programm\u00e9 \u00e0 l&#039;avance. \u00c9cran multilingue. Le contr\u00f4leur \u00e0 \u00e9cran tactile est simple et facile \u00e0 utiliser. G\u00e9rez votre flotte depuis votre ordinateur portable, PC ou smartphone. L\u2019interface et le logiciel requis pour la t\u00e9l\u00e9commande sont install\u00e9s (comprend le logiciel, l\u2019antenne, le c\u00e2ble Ethernet et la connexion d\u2019alimentation pour le modem fourni par le client et\/ou MTQ). Recevez des notifications sur l\u2019\u00e9tat des syst\u00e8mes, la g\u00e9olocalisation et les diagnostics accessibles de partout o\u00f9 votre smartphone fonctionne. Garantie : 5 ans compl\u00e8te. Consultez les informations ci-jointes pour toutes les caract\u00e9ristiques sp\u00e9ciales de cet unit\u00e9. Disponibilit\u00e9: en inventaire.\" \/>\n<meta property=\"og:url\" content=\"https:\/\/signalisationsaphir.com\/?product=panneau-a-message-variable-pmv\" \/>\n<meta property=\"og:site_name\" content=\"Signalisation Saphir\" \/>\n<meta property=\"article:publisher\" content=\"https:\/\/www.facebook.com\/SignalisationSaphir\" \/>\n<meta property=\"article:modified_time\" content=\"2022-08-03T22:49:27+00:00\" \/>\n<meta property=\"og:image\" content=\"https:\/\/signalisationsaphir.com\/wp-content\/uploads\/2020\/10\/front-view-panneau-message-MB-3072-MTQ-Literature_FR-2-1.jpg\" \/>\n\t<meta property=\"og:image:width\" content=\"2550\" \/>\n\t<meta property=\"og:image:height\" content=\"1391\" \/>\n\t<meta property=\"og:image:type\" content=\"image\/jpeg\" \/>\n<meta name=\"twitter:card\" content=\"summary_large_image\" \/>\n<meta name=\"twitter:label1\" content=\"Dur\u00e9e de lecture estim\u00e9e\" \/>\n\t<meta name=\"twitter:data1\" content=\"6 minutes\" \/>\n<script type=\"application\/ld+json\" class=\"yoast-schema-graph\">{\"@context\":\"https:\/\/schema.org\",\"@graph\":[{\"@type\":\"WebPage\",\"@id\":\"https:\/\/signalisationsaphir.com\/?product=panneau-a-message-variable-pmv\",\"url\":\"https:\/\/signalisationsaphir.com\/?product=panneau-a-message-variable-pmv\",\"name\":\"Panneau \u00e0 message variable - PMV - Signalisation Saphir\",\"isPartOf\":{\"@id\":\"https:\/\/signalisationsaphir.com\/#website\"},\"primaryImageOfPage\":{\"@id\":\"https:\/\/signalisationsaphir.com\/?product=panneau-a-message-variable-pmv#primaryimage\"},\"image\":{\"@id\":\"https:\/\/signalisationsaphir.com\/?product=panneau-a-message-variable-pmv#primaryimage\"},\"thumbnailUrl\":\"https:\/\/signalisationsaphir.com\/wp-content\/uploads\/2020\/10\/front-view-panneau-message-MB-3072-MTQ-Literature_FR-2-1.jpg\",\"datePublished\":\"2020-10-28T17:43:33+00:00\",\"dateModified\":\"2022-08-03T22:49:27+00:00\",\"description\":\"Signalisation Saphir. Produits de s\u00e9curit\u00e9. Produits de signalisation. Produits sp\u00e9cialis\u00e9s: Panneau \u00e0 message variable - PMV\",\"breadcrumb\":{\"@id\":\"https:\/\/signalisationsaphir.com\/?product=panneau-a-message-variable-pmv#breadcrumb\"},\"inLanguage\":\"fr-FR\",\"potentialAction\":[{\"@type\":\"ReadAction\",\"target\":[\"https:\/\/signalisationsaphir.com\/?product=panneau-a-message-variable-pmv\"]}]},{\"@type\":\"ImageObject\",\"inLanguage\":\"fr-FR\",\"@id\":\"https:\/\/signalisationsaphir.com\/?product=panneau-a-message-variable-pmv#primaryimage\",\"url\":\"https:\/\/signalisationsaphir.com\/wp-content\/uploads\/2020\/10\/front-view-panneau-message-MB-3072-MTQ-Literature_FR-2-1.jpg\",\"contentUrl\":\"https:\/\/signalisationsaphir.com\/wp-content\/uploads\/2020\/10\/front-view-panneau-message-MB-3072-MTQ-Literature_FR-2-1.jpg\",\"width\":2550,\"height\":1391},{\"@type\":\"BreadcrumbList\",\"@id\":\"https:\/\/signalisationsaphir.com\/?product=panneau-a-message-variable-pmv#breadcrumb\",\"itemListElement\":[{\"@type\":\"ListItem\",\"position\":1,\"name\":\"Accueil\",\"item\":\"https:\/\/signalisationsaphir.com\/?page_id=9\"},{\"@type\":\"ListItem\",\"position\":2,\"name\":\"Boutique\",\"item\":\"https:\/\/signalisationsaphir.com\/?page_id=9\"},{\"@type\":\"ListItem\",\"position\":3,\"name\":\"Panneau \u00e0 message variable &#8211; PMV\"}]},{\"@type\":\"WebSite\",\"@id\":\"https:\/\/signalisationsaphir.com\/#website\",\"url\":\"https:\/\/signalisationsaphir.com\/\",\"name\":\"Signalisation Saphir\",\"description\":\"Boutique en ligne\",\"publisher\":{\"@id\":\"https:\/\/signalisationsaphir.com\/#organization\"},\"potentialAction\":[{\"@type\":\"SearchAction\",\"target\":{\"@type\":\"EntryPoint\",\"urlTemplate\":\"https:\/\/signalisationsaphir.com\/?s={search_term_string}\"},\"query-input\":{\"@type\":\"PropertyValueSpecification\",\"valueRequired\":true,\"valueName\":\"search_term_string\"}}],\"inLanguage\":\"fr-FR\"},{\"@type\":\"Organization\",\"@id\":\"https:\/\/signalisationsaphir.com\/#organization\",\"name\":\"Signalisation Saphir\",\"url\":\"https:\/\/signalisationsaphir.com\/\",\"logo\":{\"@type\":\"ImageObject\",\"inLanguage\":\"fr-FR\",\"@id\":\"https:\/\/signalisationsaphir.com\/#\/schema\/logo\/image\/\",\"url\":\"https:\/\/signalisationsaphir.com\/wp-content\/uploads\/2017\/01\/cropped-logo-web-plus-large-bleu-blanc.jpg\",\"contentUrl\":\"https:\/\/signalisationsaphir.com\/wp-content\/uploads\/2017\/01\/cropped-logo-web-plus-large-bleu-blanc.jpg\",\"width\":215,\"height\":95,\"caption\":\"Signalisation Saphir\"},\"image\":{\"@id\":\"https:\/\/signalisationsaphir.com\/#\/schema\/logo\/image\/\"},\"sameAs\":[\"https:\/\/www.facebook.com\/SignalisationSaphir\"]}]}<\/script>\n<!-- \/ Yoast SEO Premium plugin. -->","yoast_head_json":{"title":"Panneau \u00e0 message variable - PMV - Signalisation Saphir","description":"Signalisation Saphir. Produits de s\u00e9curit\u00e9. Produits de signalisation. Produits sp\u00e9cialis\u00e9s: Panneau \u00e0 message variable - PMV","robots":{"index":"index","follow":"follow","max-snippet":"max-snippet:-1","max-image-preview":"max-image-preview:large","max-video-preview":"max-video-preview:-1"},"canonical":"https:\/\/signalisationsaphir.com\/?product=panneau-a-message-variable-pmv","og_locale":"fr_FR","og_type":"article","og_title":"Panneau \u00e0 message variable - PMV","og_description":"Panneau \u00e0 message variable - PMV. Unit\u00e9 indispensable pour les chantiers de voiries: s\u00e9curit\u00e9 traffic, gestion de flotte, zones de travails diversifi\u00e9es. Construction modulaire enti\u00e8rement en aluminium - conforme \u00e0 la norme CAN\/CSA-S6-00. Message peut \u00eatre pr\u00e9-programm\u00e9 ou programm\u00e9 \u00e0 l'avance. \u00c9cran multilingue. Le contr\u00f4leur \u00e0 \u00e9cran tactile est simple et facile \u00e0 utiliser. G\u00e9rez votre flotte depuis votre ordinateur portable, PC ou smartphone. L\u2019interface et le logiciel requis pour la t\u00e9l\u00e9commande sont install\u00e9s (comprend le logiciel, l\u2019antenne, le c\u00e2ble Ethernet et la connexion d\u2019alimentation pour le modem fourni par le client et\/ou MTQ). Recevez des notifications sur l\u2019\u00e9tat des syst\u00e8mes, la g\u00e9olocalisation et les diagnostics accessibles de partout o\u00f9 votre smartphone fonctionne. Garantie : 5 ans compl\u00e8te. Consultez les informations ci-jointes pour toutes les caract\u00e9ristiques sp\u00e9ciales de cet unit\u00e9. Disponibilit\u00e9: en inventaire.","og_url":"https:\/\/signalisationsaphir.com\/?product=panneau-a-message-variable-pmv","og_site_name":"Signalisation Saphir","article_publisher":"https:\/\/www.facebook.com\/SignalisationSaphir","article_modified_time":"2022-08-03T22:49:27+00:00","og_image":[{"width":2550,"height":1391,"url":"https:\/\/signalisationsaphir.com\/wp-content\/uploads\/2020\/10\/front-view-panneau-message-MB-3072-MTQ-Literature_FR-2-1.jpg","type":"image\/jpeg"}],"twitter_card":"summary_large_image","twitter_misc":{"Dur\u00e9e de lecture estim\u00e9e":"6 minutes"},"schema":{"@context":"https:\/\/schema.org","@graph":[{"@type":"WebPage","@id":"https:\/\/signalisationsaphir.com\/?product=panneau-a-message-variable-pmv","url":"https:\/\/signalisationsaphir.com\/?product=panneau-a-message-variable-pmv","name":"Panneau \u00e0 message variable - PMV - Signalisation Saphir","isPartOf":{"@id":"https:\/\/signalisationsaphir.com\/#website"},"primaryImageOfPage":{"@id":"https:\/\/signalisationsaphir.com\/?product=panneau-a-message-variable-pmv#primaryimage"},"image":{"@id":"https:\/\/signalisationsaphir.com\/?product=panneau-a-message-variable-pmv#primaryimage"},"thumbnailUrl":"https:\/\/signalisationsaphir.com\/wp-content\/uploads\/2020\/10\/front-view-panneau-message-MB-3072-MTQ-Literature_FR-2-1.jpg","datePublished":"2020-10-28T17:43:33+00:00","dateModified":"2022-08-03T22:49:27+00:00","description":"Signalisation Saphir. Produits de s\u00e9curit\u00e9. Produits de signalisation. Produits sp\u00e9cialis\u00e9s: Panneau \u00e0 message variable - PMV","breadcrumb":{"@id":"https:\/\/signalisationsaphir.com\/?product=panneau-a-message-variable-pmv#breadcrumb"},"inLanguage":"fr-FR","potentialAction":[{"@type":"ReadAction","target":["https:\/\/signalisationsaphir.com\/?product=panneau-a-message-variable-pmv"]}]},{"@type":"ImageObject","inLanguage":"fr-FR","@id":"https:\/\/signalisationsaphir.com\/?product=panneau-a-message-variable-pmv#primaryimage","url":"https:\/\/signalisationsaphir.com\/wp-content\/uploads\/2020\/10\/front-view-panneau-message-MB-3072-MTQ-Literature_FR-2-1.jpg","contentUrl":"https:\/\/signalisationsaphir.com\/wp-content\/uploads\/2020\/10\/front-view-panneau-message-MB-3072-MTQ-Literature_FR-2-1.jpg","width":2550,"height":1391},{"@type":"BreadcrumbList","@id":"https:\/\/signalisationsaphir.com\/?product=panneau-a-message-variable-pmv#breadcrumb","itemListElement":[{"@type":"ListItem","position":1,"name":"Accueil","item":"https:\/\/signalisationsaphir.com\/?page_id=9"},{"@type":"ListItem","position":2,"name":"Boutique","item":"https:\/\/signalisationsaphir.com\/?page_id=9"},{"@type":"ListItem","position":3,"name":"Panneau \u00e0 message variable &#8211; PMV"}]},{"@type":"WebSite","@id":"https:\/\/signalisationsaphir.com\/#website","url":"https:\/\/signalisationsaphir.com\/","name":"Signalisation Saphir","description":"Boutique en ligne","publisher":{"@id":"https:\/\/signalisationsaphir.com\/#organization"},"potentialAction":[{"@type":"SearchAction","target":{"@type":"EntryPoint","urlTemplate":"https:\/\/signalisationsaphir.com\/?s={search_term_string}"},"query-input":{"@type":"PropertyValueSpecification","valueRequired":true,"valueName":"search_term_string"}}],"inLanguage":"fr-FR"},{"@type":"Organization","@id":"https:\/\/signalisationsaphir.com\/#organization","name":"Signalisation Saphir","url":"https:\/\/signalisationsaphir.com\/","logo":{"@type":"ImageObject","inLanguage":"fr-FR","@id":"https:\/\/signalisationsaphir.com\/#\/schema\/logo\/image\/","url":"https:\/\/signalisationsaphir.com\/wp-content\/uploads\/2017\/01\/cropped-logo-web-plus-large-bleu-blanc.jpg","contentUrl":"https:\/\/signalisationsaphir.com\/wp-content\/uploads\/2017\/01\/cropped-logo-web-plus-large-bleu-blanc.jpg","width":215,"height":95,"caption":"Signalisation Saphir"},"image":{"@id":"https:\/\/signalisationsaphir.com\/#\/schema\/logo\/image\/"},"sameAs":["https:\/\/www.facebook.com\/SignalisationSaphir"]}]}},"brands":[],"_links":{"self":[{"href":"https:\/\/signalisationsaphir.com\/index.php?rest_route=\/wp\/v2\/product\/13774","targetHints":{"allow":["GET"]}}],"collection":[{"href":"https:\/\/signalisationsaphir.com\/index.php?rest_route=\/wp\/v2\/product"}],"about":[{"href":"https:\/\/signalisationsaphir.com\/index.php?rest_route=\/wp\/v2\/types\/product"}],"version-history":[{"count":0,"href":"https:\/\/signalisationsaphir.com\/index.php?rest_route=\/wp\/v2\/product\/13774\/revisions"}],"wp:featuredmedia":[{"embeddable":true,"href":"https:\/\/signalisationsaphir.com\/index.php?rest_route=\/wp\/v2\/media\/13775"}],"wp:attachment":[{"href":"https:\/\/signalisationsaphir.com\/index.php?rest_route=%2Fwp%2Fv2%2Fmedia&parent=13774"}],"wp:term":[{"taxonomy":"pwb-brand","embeddable":true,"href":"https:\/\/signalisationsaphir.com\/index.php?rest_route=%2Fwp%2Fv2%2Fpwb-brand&post=13774"},{"taxonomy":"product_brand","embeddable":true,"href":"https:\/\/signalisationsaphir.com\/index.php?rest_route=%2Fwp%2Fv2%2Fproduct_brand&post=13774"},{"taxonomy":"product_cat","embeddable":true,"href":"https:\/\/signalisationsaphir.com\/index.php?rest_route=%2Fwp%2Fv2%2Fproduct_cat&post=13774"},{"taxonomy":"product_tag","embeddable":true,"href":"https:\/\/signalisationsaphir.com\/index.php?rest_route=%2Fwp%2Fv2%2Fproduct_tag&post=13774"}],"curies":[{"name":"wp","href":"https:\/\/api.w.org\/{rel}","templated":true}]}}