{"id":13706,"date":"2020-10-01T17:00:35","date_gmt":"2020-10-01T21:00:35","guid":{"rendered":"https:\/\/signalisationsaphir.com\/?post_type=product&#038;p=13706"},"modified":"2022-08-03T18:53:25","modified_gmt":"2022-08-03T22:53:25","slug":"masque-hygienique-chirurgical-jetable","status":"publish","type":"product","link":"https:\/\/signalisationsaphir.com\/?product=masque-hygienique-chirurgical-jetable","title":{"rendered":"Masque hygi\u00e9nique chirurgical jetable"},"content":{"rendered":"<p>Masque hygi\u00e9nique chirurgical jetable. Rehausser vos <a href=\"https:\/\/www.who.int\/fr\/emergencies\/diseases\/novel-coronavirus-2019\/advice-for-public\" target=\"_blank\" rel=\"noopener noreferrer\">mesures d&#8217;hygi\u00e8ne<\/a>. Tissu super doux. Tout nouveau tissu sain et respectueux de l&#8217;environnement, sans odeur, antiallergique, anti-bact\u00e9ries.<a href=\"https:\/\/conceptasr.com\/wp-content\/uploads\/2020\/03\/masque-bleu-.jpg\"><img fetchpriority=\"high\" decoding=\"async\" class=\"wp-image-984 size-thumbnail alignright lazyload\" src=\"data:image\/gif;base64,R0lGODlhAQABAIAAAAAAAP\/\/\/yH5BAEAAAAALAAAAAABAAEAAAIBRAA7\" data-src=\"https:\/\/conceptasr.com\/wp-content\/uploads\/2020\/03\/masque-bleu--280x280.jpg\" alt=\"\" width=\"280\" height=\"280\" \/><noscript><img decoding=\"async\" class=\"wp-image-984 size-thumbnail alignright lazyload\" src=\"https:\/\/conceptasr.com\/wp-content\/uploads\/2020\/03\/masque-bleu--280x280.jpg\" alt=\"\" width=\"280\" height=\"280\" \/><\/noscript><\/a><\/p>\n<ul>\n<li>Concept de pliage: pliage multicouche rendent la respiration dans un grand espace plus confortable<\/li>\n<li>Bande \u00e9lastique : la conception de la bande \u00e9lastique l\u00e2che s&#8217;adapte plus confortablement<\/li>\n<li>Ajustement oreilles: oreilles moins compress\u00e9es et plus confortables<\/li>\n<li>Micro-organismes &#8211;\u00a0 Anti-particules<\/li>\n<li>Anti-bact\u00e9ries &#8211; Anti-virus<\/li>\n<li>Anti brume &#8211; smog PM 2.5<\/li>\n<\/ul>\n<h4>Visitez les autres <a href=\"https:\/\/signalisationsaphir.com\/boutique-de-produits-de-securite-et-signalisation\/\" target=\"_blank\" rel=\"noopener\">cat\u00e9gories de produits disponible en boutique<\/a>.<\/h4>\n<p>Signalisation Saphir offre une gamme de produits de protection sanitaire professionnels. Des produits de qualit\u00e9 qui r\u00e9pondront \u00e0 vos besoins. Explorez la cat\u00e9gorie avec nos Masque KN95 certifi\u00e9 FDA. Masque hygi\u00e9nique chirurgical jetable. Lunette de protection et visi\u00e8re de protection lavable. Et notre thermom\u00e8tre infra-rouge sans contact.<\/p>\n<p>Retour de marchandises cat\u00e9gorie hygi\u00e8ne: Retournez un produit, seulement s&#8217;il est dans son emballage original scell\u00e9 et transport \u00e0 vos frais. Aucun retour sur les masques hygi\u00e9niques jetables et les visi\u00e8res de protection.<\/p>\n","protected":false},"excerpt":{"rendered":"<p><a href=\"https:\/\/signalisationsaphir.com\/product-category\/produits-de-protection-sanitaire\/\" target=\"_blank\" rel=\"noopener noreferrer\">Masque<\/a> hygi\u00e9nique chirurgical jetable. Rehausser vos <a href=\"https:\/\/www.who.int\/fr\/emergencies\/diseases\/novel-coronavirus-2019\/advice-for-public\" target=\"_blank\" rel=\"noopener noreferrer\">mesures d&#8217;hygi\u00e8ne<\/a>. Tissu super doux. Tout nouveau tissu sain et respectueux de l&#8217;environnement, sans odeur, antiallergique, anti-bact\u00e9ries. Veuillez noter que les taxes ne sont pas incluses dans le prix.<\/p>\n","protected":false},"featured_media":13707,"template":"","meta":{"_acf_changed":false},"pwb-brand":[],"product_brand":[],"product_cat":[384],"product_tag":[388,387,311,318,320,391,322],"class_list":{"0":"post-13706","1":"product","2":"type-product","3":"status-publish","4":"has-post-thumbnail","6":"product_cat-produits-de-protection-sanitaire","7":"product_tag-anti-allergique","8":"product_tag-anti-bacteriens","9":"product_tag-confortable","10":"product_tag-environnement","11":"product_tag-hygiene","12":"product_tag-masque-hygienique-jetable","13":"product_tag-sante","14":"product_shipping_class-standard","16":"first","17":"instock","18":"taxable","19":"shipping-taxable","20":"purchasable","21":"product-type-simple"},"exclude_global_add_ons":[],"addons":[],"acf":[],"yoast_head":"<!-- This site is optimized with the Yoast SEO Premium plugin v24.4 (Yoast SEO v24.4) - https:\/\/yoast.com\/wordpress\/plugins\/seo\/ -->\n<title>Masque hygi\u00e9nique chirurgical jetable - Signalisation Saphir<\/title>\n<meta name=\"description\" content=\"Signalisation Saphir - Protection sanitaire: Masque hygi\u00e9nique chirurgical jetable Produits de s\u00e9curit\u00e9 &amp; signalisation. Produits sp\u00e9cialis\u00e9s.\" \/>\n<meta name=\"robots\" content=\"index, follow, max-snippet:-1, max-image-preview:large, max-video-preview:-1\" \/>\n<link rel=\"canonical\" href=\"https:\/\/signalisationsaphir.com\/?product=masque-hygienique-chirurgical-jetable\" \/>\n<meta property=\"og:locale\" content=\"fr_FR\" \/>\n<meta property=\"og:type\" content=\"article\" \/>\n<meta property=\"og:title\" content=\"Masque hygi\u00e9nique chirurgical jetable\" \/>\n<meta property=\"og:description\" content=\"Signalisation Saphir - Protection sanitaire: Masque hygi\u00e9nique chirurgical jetable Produits de s\u00e9curit\u00e9 &amp; signalisation. Produits sp\u00e9cialis\u00e9s.\" \/>\n<meta property=\"og:url\" content=\"https:\/\/signalisationsaphir.com\/?product=masque-hygienique-chirurgical-jetable\" \/>\n<meta property=\"og:site_name\" content=\"Signalisation Saphir\" \/>\n<meta property=\"article:publisher\" content=\"https:\/\/www.facebook.com\/SignalisationSaphir\" \/>\n<meta property=\"article:modified_time\" content=\"2022-08-03T22:53:25+00:00\" \/>\n<meta property=\"og:image\" content=\"https:\/\/signalisationsaphir.com\/wp-content\/uploads\/2020\/10\/masque-bleu-.jpg\" \/>\n\t<meta property=\"og:image:width\" content=\"1000\" \/>\n\t<meta property=\"og:image:height\" content=\"1000\" \/>\n\t<meta property=\"og:image:type\" content=\"image\/jpeg\" \/>\n<meta name=\"twitter:card\" content=\"summary_large_image\" \/>\n<meta name=\"twitter:label1\" content=\"Dur\u00e9e de lecture estim\u00e9e\" \/>\n\t<meta name=\"twitter:data1\" content=\"1 minute\" \/>\n<script type=\"application\/ld+json\" class=\"yoast-schema-graph\">{\"@context\":\"https:\/\/schema.org\",\"@graph\":[{\"@type\":\"WebPage\",\"@id\":\"https:\/\/signalisationsaphir.com\/?product=masque-hygienique-chirurgical-jetable\",\"url\":\"https:\/\/signalisationsaphir.com\/?product=masque-hygienique-chirurgical-jetable\",\"name\":\"Masque hygi\u00e9nique chirurgical jetable - Signalisation Saphir\",\"isPartOf\":{\"@id\":\"https:\/\/signalisationsaphir.com\/#website\"},\"primaryImageOfPage\":{\"@id\":\"https:\/\/signalisationsaphir.com\/?product=masque-hygienique-chirurgical-jetable#primaryimage\"},\"image\":{\"@id\":\"https:\/\/signalisationsaphir.com\/?product=masque-hygienique-chirurgical-jetable#primaryimage\"},\"thumbnailUrl\":\"https:\/\/signalisationsaphir.com\/wp-content\/uploads\/2020\/10\/masque-bleu-.jpg\",\"datePublished\":\"2020-10-01T21:00:35+00:00\",\"dateModified\":\"2022-08-03T22:53:25+00:00\",\"description\":\"Signalisation Saphir - Protection sanitaire: Masque hygi\u00e9nique chirurgical jetable Produits de s\u00e9curit\u00e9 & signalisation. Produits sp\u00e9cialis\u00e9s.\",\"breadcrumb\":{\"@id\":\"https:\/\/signalisationsaphir.com\/?product=masque-hygienique-chirurgical-jetable#breadcrumb\"},\"inLanguage\":\"fr-FR\",\"potentialAction\":[{\"@type\":\"ReadAction\",\"target\":[\"https:\/\/signalisationsaphir.com\/?product=masque-hygienique-chirurgical-jetable\"]}]},{\"@type\":\"ImageObject\",\"inLanguage\":\"fr-FR\",\"@id\":\"https:\/\/signalisationsaphir.com\/?product=masque-hygienique-chirurgical-jetable#primaryimage\",\"url\":\"https:\/\/signalisationsaphir.com\/wp-content\/uploads\/2020\/10\/masque-bleu-.jpg\",\"contentUrl\":\"https:\/\/signalisationsaphir.com\/wp-content\/uploads\/2020\/10\/masque-bleu-.jpg\",\"width\":1000,\"height\":1000,\"caption\":\"(bo\u00eete de 50)\"},{\"@type\":\"BreadcrumbList\",\"@id\":\"https:\/\/signalisationsaphir.com\/?product=masque-hygienique-chirurgical-jetable#breadcrumb\",\"itemListElement\":[{\"@type\":\"ListItem\",\"position\":1,\"name\":\"Accueil\",\"item\":\"https:\/\/signalisationsaphir.com\/?page_id=9\"},{\"@type\":\"ListItem\",\"position\":2,\"name\":\"Boutique\",\"item\":\"https:\/\/signalisationsaphir.com\/?page_id=9\"},{\"@type\":\"ListItem\",\"position\":3,\"name\":\"Masque hygi\u00e9nique chirurgical jetable\"}]},{\"@type\":\"WebSite\",\"@id\":\"https:\/\/signalisationsaphir.com\/#website\",\"url\":\"https:\/\/signalisationsaphir.com\/\",\"name\":\"Signalisation Saphir\",\"description\":\"Boutique en ligne\",\"publisher\":{\"@id\":\"https:\/\/signalisationsaphir.com\/#organization\"},\"potentialAction\":[{\"@type\":\"SearchAction\",\"target\":{\"@type\":\"EntryPoint\",\"urlTemplate\":\"https:\/\/signalisationsaphir.com\/?s={search_term_string}\"},\"query-input\":{\"@type\":\"PropertyValueSpecification\",\"valueRequired\":true,\"valueName\":\"search_term_string\"}}],\"inLanguage\":\"fr-FR\"},{\"@type\":\"Organization\",\"@id\":\"https:\/\/signalisationsaphir.com\/#organization\",\"name\":\"Signalisation Saphir\",\"url\":\"https:\/\/signalisationsaphir.com\/\",\"logo\":{\"@type\":\"ImageObject\",\"inLanguage\":\"fr-FR\",\"@id\":\"https:\/\/signalisationsaphir.com\/#\/schema\/logo\/image\/\",\"url\":\"https:\/\/signalisationsaphir.com\/wp-content\/uploads\/2017\/01\/cropped-logo-web-plus-large-bleu-blanc.jpg\",\"contentUrl\":\"https:\/\/signalisationsaphir.com\/wp-content\/uploads\/2017\/01\/cropped-logo-web-plus-large-bleu-blanc.jpg\",\"width\":215,\"height\":95,\"caption\":\"Signalisation Saphir\"},\"image\":{\"@id\":\"https:\/\/signalisationsaphir.com\/#\/schema\/logo\/image\/\"},\"sameAs\":[\"https:\/\/www.facebook.com\/SignalisationSaphir\"]}]}<\/script>\n<!-- \/ Yoast SEO Premium plugin. -->","yoast_head_json":{"title":"Masque hygi\u00e9nique chirurgical jetable - Signalisation Saphir","description":"Signalisation Saphir - Protection sanitaire: Masque hygi\u00e9nique chirurgical jetable Produits de s\u00e9curit\u00e9 & signalisation. Produits sp\u00e9cialis\u00e9s.","robots":{"index":"index","follow":"follow","max-snippet":"max-snippet:-1","max-image-preview":"max-image-preview:large","max-video-preview":"max-video-preview:-1"},"canonical":"https:\/\/signalisationsaphir.com\/?product=masque-hygienique-chirurgical-jetable","og_locale":"fr_FR","og_type":"article","og_title":"Masque hygi\u00e9nique chirurgical jetable","og_description":"Signalisation Saphir - Protection sanitaire: Masque hygi\u00e9nique chirurgical jetable Produits de s\u00e9curit\u00e9 & signalisation. Produits sp\u00e9cialis\u00e9s.","og_url":"https:\/\/signalisationsaphir.com\/?product=masque-hygienique-chirurgical-jetable","og_site_name":"Signalisation Saphir","article_publisher":"https:\/\/www.facebook.com\/SignalisationSaphir","article_modified_time":"2022-08-03T22:53:25+00:00","og_image":[{"width":1000,"height":1000,"url":"https:\/\/signalisationsaphir.com\/wp-content\/uploads\/2020\/10\/masque-bleu-.jpg","type":"image\/jpeg"}],"twitter_card":"summary_large_image","twitter_misc":{"Dur\u00e9e de lecture estim\u00e9e":"1 minute"},"schema":{"@context":"https:\/\/schema.org","@graph":[{"@type":"WebPage","@id":"https:\/\/signalisationsaphir.com\/?product=masque-hygienique-chirurgical-jetable","url":"https:\/\/signalisationsaphir.com\/?product=masque-hygienique-chirurgical-jetable","name":"Masque hygi\u00e9nique chirurgical jetable - Signalisation Saphir","isPartOf":{"@id":"https:\/\/signalisationsaphir.com\/#website"},"primaryImageOfPage":{"@id":"https:\/\/signalisationsaphir.com\/?product=masque-hygienique-chirurgical-jetable#primaryimage"},"image":{"@id":"https:\/\/signalisationsaphir.com\/?product=masque-hygienique-chirurgical-jetable#primaryimage"},"thumbnailUrl":"https:\/\/signalisationsaphir.com\/wp-content\/uploads\/2020\/10\/masque-bleu-.jpg","datePublished":"2020-10-01T21:00:35+00:00","dateModified":"2022-08-03T22:53:25+00:00","description":"Signalisation Saphir - Protection sanitaire: Masque hygi\u00e9nique chirurgical jetable Produits de s\u00e9curit\u00e9 & signalisation. Produits sp\u00e9cialis\u00e9s.","breadcrumb":{"@id":"https:\/\/signalisationsaphir.com\/?product=masque-hygienique-chirurgical-jetable#breadcrumb"},"inLanguage":"fr-FR","potentialAction":[{"@type":"ReadAction","target":["https:\/\/signalisationsaphir.com\/?product=masque-hygienique-chirurgical-jetable"]}]},{"@type":"ImageObject","inLanguage":"fr-FR","@id":"https:\/\/signalisationsaphir.com\/?product=masque-hygienique-chirurgical-jetable#primaryimage","url":"https:\/\/signalisationsaphir.com\/wp-content\/uploads\/2020\/10\/masque-bleu-.jpg","contentUrl":"https:\/\/signalisationsaphir.com\/wp-content\/uploads\/2020\/10\/masque-bleu-.jpg","width":1000,"height":1000,"caption":"(bo\u00eete de 50)"},{"@type":"BreadcrumbList","@id":"https:\/\/signalisationsaphir.com\/?product=masque-hygienique-chirurgical-jetable#breadcrumb","itemListElement":[{"@type":"ListItem","position":1,"name":"Accueil","item":"https:\/\/signalisationsaphir.com\/?page_id=9"},{"@type":"ListItem","position":2,"name":"Boutique","item":"https:\/\/signalisationsaphir.com\/?page_id=9"},{"@type":"ListItem","position":3,"name":"Masque hygi\u00e9nique chirurgical jetable"}]},{"@type":"WebSite","@id":"https:\/\/signalisationsaphir.com\/#website","url":"https:\/\/signalisationsaphir.com\/","name":"Signalisation Saphir","description":"Boutique en ligne","publisher":{"@id":"https:\/\/signalisationsaphir.com\/#organization"},"potentialAction":[{"@type":"SearchAction","target":{"@type":"EntryPoint","urlTemplate":"https:\/\/signalisationsaphir.com\/?s={search_term_string}"},"query-input":{"@type":"PropertyValueSpecification","valueRequired":true,"valueName":"search_term_string"}}],"inLanguage":"fr-FR"},{"@type":"Organization","@id":"https:\/\/signalisationsaphir.com\/#organization","name":"Signalisation Saphir","url":"https:\/\/signalisationsaphir.com\/","logo":{"@type":"ImageObject","inLanguage":"fr-FR","@id":"https:\/\/signalisationsaphir.com\/#\/schema\/logo\/image\/","url":"https:\/\/signalisationsaphir.com\/wp-content\/uploads\/2017\/01\/cropped-logo-web-plus-large-bleu-blanc.jpg","contentUrl":"https:\/\/signalisationsaphir.com\/wp-content\/uploads\/2017\/01\/cropped-logo-web-plus-large-bleu-blanc.jpg","width":215,"height":95,"caption":"Signalisation Saphir"},"image":{"@id":"https:\/\/signalisationsaphir.com\/#\/schema\/logo\/image\/"},"sameAs":["https:\/\/www.facebook.com\/SignalisationSaphir"]}]}},"brands":[],"_links":{"self":[{"href":"https:\/\/signalisationsaphir.com\/index.php?rest_route=\/wp\/v2\/product\/13706","targetHints":{"allow":["GET"]}}],"collection":[{"href":"https:\/\/signalisationsaphir.com\/index.php?rest_route=\/wp\/v2\/product"}],"about":[{"href":"https:\/\/signalisationsaphir.com\/index.php?rest_route=\/wp\/v2\/types\/product"}],"version-history":[{"count":0,"href":"https:\/\/signalisationsaphir.com\/index.php?rest_route=\/wp\/v2\/product\/13706\/revisions"}],"wp:featuredmedia":[{"embeddable":true,"href":"https:\/\/signalisationsaphir.com\/index.php?rest_route=\/wp\/v2\/media\/13707"}],"wp:attachment":[{"href":"https:\/\/signalisationsaphir.com\/index.php?rest_route=%2Fwp%2Fv2%2Fmedia&parent=13706"}],"wp:term":[{"taxonomy":"pwb-brand","embeddable":true,"href":"https:\/\/signalisationsaphir.com\/index.php?rest_route=%2Fwp%2Fv2%2Fpwb-brand&post=13706"},{"taxonomy":"product_brand","embeddable":true,"href":"https:\/\/signalisationsaphir.com\/index.php?rest_route=%2Fwp%2Fv2%2Fproduct_brand&post=13706"},{"taxonomy":"product_cat","embeddable":true,"href":"https:\/\/signalisationsaphir.com\/index.php?rest_route=%2Fwp%2Fv2%2Fproduct_cat&post=13706"},{"taxonomy":"product_tag","embeddable":true,"href":"https:\/\/signalisationsaphir.com\/index.php?rest_route=%2Fwp%2Fv2%2Fproduct_tag&post=13706"}],"curies":[{"name":"wp","href":"https:\/\/api.w.org\/{rel}","templated":true}]}}