{"id":13701,"date":"2020-10-01T16:57:22","date_gmt":"2020-10-01T20:57:22","guid":{"rendered":"https:\/\/signalisationsaphir.com\/?post_type=product&#038;p=13701"},"modified":"2022-08-03T18:54:21","modified_gmt":"2022-08-03T22:54:21","slug":"masque-kn95","status":"publish","type":"product","link":"https:\/\/signalisationsaphir.com\/?product=masque-kn95","title":{"rendered":"Masque KN95"},"content":{"rendered":"<p>Masque KN95 &#8211; Rehaussez vos <a href=\"https:\/\/www.who.int\/fr\/emergencies\/diseases\/novel-coronavirus-2019\/advice-for-public\" target=\"_blank\" rel=\"noopener noreferrer\">mesures d&#8217;hygi\u00e8ne<\/a>. Masque de protection transitionnel. Syst\u00e8me de filtration \u00e0 4 couches. Efficacit\u00e9 de filtration \u00e0 95%. Certifi\u00e9 FDA. Disponibilit\u00e9 : 5 &#8211; 7 jours ouvrables<\/p>\n<ul>\n<li>Efficacit\u00e9 de filtration \u00e0 95%<\/li>\n<li>Filtre l&#8217;Ai Nocif<\/li>\n<li>Tissu non tiss\u00e9<\/li>\n<li>Syst\u00e8me de filtration \u00e0 4 couches<\/li>\n<li>Certifi\u00e9 FDA<\/li>\n<\/ul>\n<h4>Visitez les autres <a href=\"https:\/\/signalisationsaphir.com\/boutique-de-produits-de-securite-et-signalisation\/\" target=\"_blank\" rel=\"noopener\">cat\u00e9gories de produits disponible en boutique<\/a>.<\/h4>\n<p>Signalisation Saphir offre une gamme de produits de protection sanitaire professionnels. Des produits de qualit\u00e9 qui r\u00e9pondront \u00e0 vos besoins. Explorez la cat\u00e9gorie avec nos Masque KN95 certifi\u00e9 FDA. Masque hygi\u00e9nique chirurgical jetable. Lunette de protection et visi\u00e8re de protection lavable. Et notre thermom\u00e8tre infra-rouge sans contact.<\/p>\n<p>Retour de marchandises cat\u00e9gorie hygi\u00e8ne: Retournez un produit, seulement s&#8217;il est dans son emballage original scell\u00e9 et transport \u00e0 vos frais. Aucun retour sur les masques hygi\u00e9niques jetables et les visi\u00e8res de protection.<\/p>\n<p>D\u00e9finition protection sanitaire.<\/p>\n<p><a href=\"https:\/\/www.canada.ca\/fr\/sante-publique\/services\/maladies\/2019-nouveau-coronavirus\/professionnels-sante\/mesures-sante-publique-utilisees-reduire-covid-19.html\" target=\"_blank\" rel=\"noopener\">Ensemble des principes<\/a> et des pratiques tendant \u00e0 pr\u00e9server, \u00e0 am\u00e9liorer la sant\u00e9. L\u2019importance de l\u2019hygi\u00e8ne collective ou publique est l\u2019ensemble des actions visant \u00e0 prot\u00e9ger la communaut\u00e9 contre toute atteinte \u00e0 la sant\u00e9.\u00a0 La mise en \u0153uvre demande un effort collectif.<\/p>\n<p>SVP \u2013 Prenez note que certaines quantit\u00e9s de mat\u00e9riel export\u00e9 de notre fournisseur sont pr\u00e9sentement diminu\u00e9es.\u00a0 Soyez avis\u00e9s que toute commande pass\u00e9e pour les produits de protection sanitaire avec notre entreprise, sera livr\u00e9e dans un d\u00e9lai de sept \u00e0 dix jours ouvrables.\u00a0 Soit dans un d\u00e9lai plus long qu\u2019\u00e0 notre habitude. Nous avons \u00e0 c\u0153ur votre satisfaction et votre s\u00e9curit\u00e9 et nous pr\u00e9f\u00e9rerions vous en informer. (Brunelle Drouin avocats inc).<\/p>\n","protected":false},"excerpt":{"rendered":"<p><a href=\"https:\/\/signalisationsaphir.com\/product-category\/produits-de-protection-sanitaire\/\" target=\"_blank\" rel=\"noopener noreferrer\">Masque<\/a> KN95 &#8211; Rehaussez vos <a href=\"https:\/\/www.who.int\/fr\/emergencies\/diseases\/novel-coronavirus-2019\/advice-for-public\" target=\"_blank\" rel=\"noopener noreferrer\">mesures d&#8217;hygi\u00e8ne<\/a>. Masque de protection transitionnel. Syst\u00e8me de filtration \u00e0 4 couches. Efficacit\u00e9 de filtration \u00e0 95%. Certifi\u00e9 FDA. Disponibilit\u00e9 : 5 &#8211; 7 jours ouvrables. Veuillez noter que les taxes ne sont pas incluses dans le prix.<\/p>\n","protected":false},"featured_media":13702,"template":"","meta":{"_acf_changed":false},"pwb-brand":[],"product_brand":[],"product_cat":[384],"product_tag":[388,387,350,311,318,320,352,322],"class_list":{"0":"post-13701","1":"product","2":"type-product","3":"status-publish","4":"has-post-thumbnail","6":"product_cat-produits-de-protection-sanitaire","7":"product_tag-anti-allergique","8":"product_tag-anti-bacteriens","9":"product_tag-certifie-fda","10":"product_tag-confortable","11":"product_tag-environnement","12":"product_tag-hygiene","13":"product_tag-masque-kn95","14":"product_tag-sante","15":"product_shipping_class-standard","17":"first","18":"instock","19":"taxable","20":"shipping-taxable","21":"purchasable","22":"product-type-simple"},"exclude_global_add_ons":[],"addons":[],"acf":[],"yoast_head":"<!-- This site is optimized with the Yoast SEO Premium plugin v24.4 (Yoast SEO v24.4) - https:\/\/yoast.com\/wordpress\/plugins\/seo\/ -->\n<title>Masque KN95 - Signalisation Saphir - Protection sanitaire<\/title>\n<meta name=\"description\" content=\"Signalisation Saphir - Protection sanitaire: Masque KN95. Produits de s\u00e9curit\u00e9. Produits de signalisation. Produits sp\u00e9cialis\u00e9s.\" \/>\n<meta name=\"robots\" content=\"index, follow, max-snippet:-1, max-image-preview:large, max-video-preview:-1\" \/>\n<link rel=\"canonical\" href=\"https:\/\/signalisationsaphir.com\/?product=masque-kn95\" \/>\n<meta property=\"og:locale\" content=\"fr_FR\" \/>\n<meta property=\"og:type\" content=\"article\" \/>\n<meta property=\"og:title\" content=\"Masque KN95\" \/>\n<meta property=\"og:description\" content=\"Signalisation Saphir - Protection sanitaire: Masque KN95. Produits de s\u00e9curit\u00e9. Produits de signalisation. Produits sp\u00e9cialis\u00e9s.\" \/>\n<meta property=\"og:url\" content=\"https:\/\/signalisationsaphir.com\/?product=masque-kn95\" \/>\n<meta property=\"og:site_name\" content=\"Signalisation Saphir\" \/>\n<meta property=\"article:publisher\" content=\"https:\/\/www.facebook.com\/SignalisationSaphir\" \/>\n<meta property=\"article:modified_time\" content=\"2022-08-03T22:54:21+00:00\" \/>\n<meta property=\"og:image\" content=\"https:\/\/signalisationsaphir.com\/wp-content\/uploads\/2020\/10\/masque-KN95-1-.jpg\" \/>\n\t<meta property=\"og:image:width\" content=\"1080\" \/>\n\t<meta property=\"og:image:height\" content=\"950\" \/>\n\t<meta property=\"og:image:type\" content=\"image\/jpeg\" \/>\n<meta name=\"twitter:card\" content=\"summary_large_image\" \/>\n<meta name=\"twitter:label1\" content=\"Dur\u00e9e de lecture estim\u00e9e\" \/>\n\t<meta name=\"twitter:data1\" content=\"2 minutes\" \/>\n<script type=\"application\/ld+json\" class=\"yoast-schema-graph\">{\"@context\":\"https:\/\/schema.org\",\"@graph\":[{\"@type\":\"WebPage\",\"@id\":\"https:\/\/signalisationsaphir.com\/?product=masque-kn95\",\"url\":\"https:\/\/signalisationsaphir.com\/?product=masque-kn95\",\"name\":\"Masque KN95 - Signalisation Saphir - Protection sanitaire\",\"isPartOf\":{\"@id\":\"https:\/\/signalisationsaphir.com\/#website\"},\"primaryImageOfPage\":{\"@id\":\"https:\/\/signalisationsaphir.com\/?product=masque-kn95#primaryimage\"},\"image\":{\"@id\":\"https:\/\/signalisationsaphir.com\/?product=masque-kn95#primaryimage\"},\"thumbnailUrl\":\"https:\/\/signalisationsaphir.com\/wp-content\/uploads\/2020\/10\/masque-KN95-1-.jpg\",\"datePublished\":\"2020-10-01T20:57:22+00:00\",\"dateModified\":\"2022-08-03T22:54:21+00:00\",\"description\":\"Signalisation Saphir - Protection sanitaire: Masque KN95. Produits de s\u00e9curit\u00e9. Produits de signalisation. Produits sp\u00e9cialis\u00e9s.\",\"breadcrumb\":{\"@id\":\"https:\/\/signalisationsaphir.com\/?product=masque-kn95#breadcrumb\"},\"inLanguage\":\"fr-FR\",\"potentialAction\":[{\"@type\":\"ReadAction\",\"target\":[\"https:\/\/signalisationsaphir.com\/?product=masque-kn95\"]}]},{\"@type\":\"ImageObject\",\"inLanguage\":\"fr-FR\",\"@id\":\"https:\/\/signalisationsaphir.com\/?product=masque-kn95#primaryimage\",\"url\":\"https:\/\/signalisationsaphir.com\/wp-content\/uploads\/2020\/10\/masque-KN95-1-.jpg\",\"contentUrl\":\"https:\/\/signalisationsaphir.com\/wp-content\/uploads\/2020\/10\/masque-KN95-1-.jpg\",\"width\":1080,\"height\":950},{\"@type\":\"BreadcrumbList\",\"@id\":\"https:\/\/signalisationsaphir.com\/?product=masque-kn95#breadcrumb\",\"itemListElement\":[{\"@type\":\"ListItem\",\"position\":1,\"name\":\"Accueil\",\"item\":\"https:\/\/signalisationsaphir.com\/?page_id=9\"},{\"@type\":\"ListItem\",\"position\":2,\"name\":\"Boutique\",\"item\":\"https:\/\/signalisationsaphir.com\/?page_id=9\"},{\"@type\":\"ListItem\",\"position\":3,\"name\":\"Masque KN95\"}]},{\"@type\":\"WebSite\",\"@id\":\"https:\/\/signalisationsaphir.com\/#website\",\"url\":\"https:\/\/signalisationsaphir.com\/\",\"name\":\"Signalisation Saphir\",\"description\":\"Boutique en ligne\",\"publisher\":{\"@id\":\"https:\/\/signalisationsaphir.com\/#organization\"},\"potentialAction\":[{\"@type\":\"SearchAction\",\"target\":{\"@type\":\"EntryPoint\",\"urlTemplate\":\"https:\/\/signalisationsaphir.com\/?s={search_term_string}\"},\"query-input\":{\"@type\":\"PropertyValueSpecification\",\"valueRequired\":true,\"valueName\":\"search_term_string\"}}],\"inLanguage\":\"fr-FR\"},{\"@type\":\"Organization\",\"@id\":\"https:\/\/signalisationsaphir.com\/#organization\",\"name\":\"Signalisation Saphir\",\"url\":\"https:\/\/signalisationsaphir.com\/\",\"logo\":{\"@type\":\"ImageObject\",\"inLanguage\":\"fr-FR\",\"@id\":\"https:\/\/signalisationsaphir.com\/#\/schema\/logo\/image\/\",\"url\":\"https:\/\/signalisationsaphir.com\/wp-content\/uploads\/2017\/01\/cropped-logo-web-plus-large-bleu-blanc.jpg\",\"contentUrl\":\"https:\/\/signalisationsaphir.com\/wp-content\/uploads\/2017\/01\/cropped-logo-web-plus-large-bleu-blanc.jpg\",\"width\":215,\"height\":95,\"caption\":\"Signalisation Saphir\"},\"image\":{\"@id\":\"https:\/\/signalisationsaphir.com\/#\/schema\/logo\/image\/\"},\"sameAs\":[\"https:\/\/www.facebook.com\/SignalisationSaphir\"]}]}<\/script>\n<!-- \/ Yoast SEO Premium plugin. -->","yoast_head_json":{"title":"Masque KN95 - Signalisation Saphir - Protection sanitaire","description":"Signalisation Saphir - Protection sanitaire: Masque KN95. Produits de s\u00e9curit\u00e9. Produits de signalisation. Produits sp\u00e9cialis\u00e9s.","robots":{"index":"index","follow":"follow","max-snippet":"max-snippet:-1","max-image-preview":"max-image-preview:large","max-video-preview":"max-video-preview:-1"},"canonical":"https:\/\/signalisationsaphir.com\/?product=masque-kn95","og_locale":"fr_FR","og_type":"article","og_title":"Masque KN95","og_description":"Signalisation Saphir - Protection sanitaire: Masque KN95. Produits de s\u00e9curit\u00e9. Produits de signalisation. Produits sp\u00e9cialis\u00e9s.","og_url":"https:\/\/signalisationsaphir.com\/?product=masque-kn95","og_site_name":"Signalisation Saphir","article_publisher":"https:\/\/www.facebook.com\/SignalisationSaphir","article_modified_time":"2022-08-03T22:54:21+00:00","og_image":[{"width":1080,"height":950,"url":"https:\/\/signalisationsaphir.com\/wp-content\/uploads\/2020\/10\/masque-KN95-1-.jpg","type":"image\/jpeg"}],"twitter_card":"summary_large_image","twitter_misc":{"Dur\u00e9e de lecture estim\u00e9e":"2 minutes"},"schema":{"@context":"https:\/\/schema.org","@graph":[{"@type":"WebPage","@id":"https:\/\/signalisationsaphir.com\/?product=masque-kn95","url":"https:\/\/signalisationsaphir.com\/?product=masque-kn95","name":"Masque KN95 - Signalisation Saphir - Protection sanitaire","isPartOf":{"@id":"https:\/\/signalisationsaphir.com\/#website"},"primaryImageOfPage":{"@id":"https:\/\/signalisationsaphir.com\/?product=masque-kn95#primaryimage"},"image":{"@id":"https:\/\/signalisationsaphir.com\/?product=masque-kn95#primaryimage"},"thumbnailUrl":"https:\/\/signalisationsaphir.com\/wp-content\/uploads\/2020\/10\/masque-KN95-1-.jpg","datePublished":"2020-10-01T20:57:22+00:00","dateModified":"2022-08-03T22:54:21+00:00","description":"Signalisation Saphir - Protection sanitaire: Masque KN95. Produits de s\u00e9curit\u00e9. Produits de signalisation. Produits sp\u00e9cialis\u00e9s.","breadcrumb":{"@id":"https:\/\/signalisationsaphir.com\/?product=masque-kn95#breadcrumb"},"inLanguage":"fr-FR","potentialAction":[{"@type":"ReadAction","target":["https:\/\/signalisationsaphir.com\/?product=masque-kn95"]}]},{"@type":"ImageObject","inLanguage":"fr-FR","@id":"https:\/\/signalisationsaphir.com\/?product=masque-kn95#primaryimage","url":"https:\/\/signalisationsaphir.com\/wp-content\/uploads\/2020\/10\/masque-KN95-1-.jpg","contentUrl":"https:\/\/signalisationsaphir.com\/wp-content\/uploads\/2020\/10\/masque-KN95-1-.jpg","width":1080,"height":950},{"@type":"BreadcrumbList","@id":"https:\/\/signalisationsaphir.com\/?product=masque-kn95#breadcrumb","itemListElement":[{"@type":"ListItem","position":1,"name":"Accueil","item":"https:\/\/signalisationsaphir.com\/?page_id=9"},{"@type":"ListItem","position":2,"name":"Boutique","item":"https:\/\/signalisationsaphir.com\/?page_id=9"},{"@type":"ListItem","position":3,"name":"Masque KN95"}]},{"@type":"WebSite","@id":"https:\/\/signalisationsaphir.com\/#website","url":"https:\/\/signalisationsaphir.com\/","name":"Signalisation Saphir","description":"Boutique en ligne","publisher":{"@id":"https:\/\/signalisationsaphir.com\/#organization"},"potentialAction":[{"@type":"SearchAction","target":{"@type":"EntryPoint","urlTemplate":"https:\/\/signalisationsaphir.com\/?s={search_term_string}"},"query-input":{"@type":"PropertyValueSpecification","valueRequired":true,"valueName":"search_term_string"}}],"inLanguage":"fr-FR"},{"@type":"Organization","@id":"https:\/\/signalisationsaphir.com\/#organization","name":"Signalisation Saphir","url":"https:\/\/signalisationsaphir.com\/","logo":{"@type":"ImageObject","inLanguage":"fr-FR","@id":"https:\/\/signalisationsaphir.com\/#\/schema\/logo\/image\/","url":"https:\/\/signalisationsaphir.com\/wp-content\/uploads\/2017\/01\/cropped-logo-web-plus-large-bleu-blanc.jpg","contentUrl":"https:\/\/signalisationsaphir.com\/wp-content\/uploads\/2017\/01\/cropped-logo-web-plus-large-bleu-blanc.jpg","width":215,"height":95,"caption":"Signalisation Saphir"},"image":{"@id":"https:\/\/signalisationsaphir.com\/#\/schema\/logo\/image\/"},"sameAs":["https:\/\/www.facebook.com\/SignalisationSaphir"]}]}},"brands":[],"_links":{"self":[{"href":"https:\/\/signalisationsaphir.com\/index.php?rest_route=\/wp\/v2\/product\/13701","targetHints":{"allow":["GET"]}}],"collection":[{"href":"https:\/\/signalisationsaphir.com\/index.php?rest_route=\/wp\/v2\/product"}],"about":[{"href":"https:\/\/signalisationsaphir.com\/index.php?rest_route=\/wp\/v2\/types\/product"}],"version-history":[{"count":0,"href":"https:\/\/signalisationsaphir.com\/index.php?rest_route=\/wp\/v2\/product\/13701\/revisions"}],"wp:featuredmedia":[{"embeddable":true,"href":"https:\/\/signalisationsaphir.com\/index.php?rest_route=\/wp\/v2\/media\/13702"}],"wp:attachment":[{"href":"https:\/\/signalisationsaphir.com\/index.php?rest_route=%2Fwp%2Fv2%2Fmedia&parent=13701"}],"wp:term":[{"taxonomy":"pwb-brand","embeddable":true,"href":"https:\/\/signalisationsaphir.com\/index.php?rest_route=%2Fwp%2Fv2%2Fpwb-brand&post=13701"},{"taxonomy":"product_brand","embeddable":true,"href":"https:\/\/signalisationsaphir.com\/index.php?rest_route=%2Fwp%2Fv2%2Fproduct_brand&post=13701"},{"taxonomy":"product_cat","embeddable":true,"href":"https:\/\/signalisationsaphir.com\/index.php?rest_route=%2Fwp%2Fv2%2Fproduct_cat&post=13701"},{"taxonomy":"product_tag","embeddable":true,"href":"https:\/\/signalisationsaphir.com\/index.php?rest_route=%2Fwp%2Fv2%2Fproduct_tag&post=13701"}],"curies":[{"name":"wp","href":"https:\/\/api.w.org\/{rel}","templated":true}]}}